CRAN Package Check Results for Package ppseq

Last updated on 2021-12-09 11:51:39 CET.

Flavor Version Tinstall Tcheck Ttotal Status Flags
r-devel-linux-x86_64-debian-clang 0.1.1 7.98 307.43 315.41 OK
r-devel-linux-x86_64-debian-gcc 0.1.1 5.05 232.93 237.98 OK
r-devel-linux-x86_64-fedora-clang 0.1.1 363.52 NOTE
r-devel-linux-x86_64-fedora-gcc 0.1.1 373.71 OK
r-devel-windows-x86_64-new-UL 0.1.1 19.00 438.00 457.00 NOTE
r-devel-windows-x86_64-new-TK 0.1.1 OK
r-devel-windows-x86_64-old 0.1.1 20.00 352.00 372.00 NOTE
r-patched-linux-x86_64 0.1.1 7.54 303.59 311.13 OK
r-release-linux-x86_64 0.1.1 7.54 309.05 316.59 OK
r-release-macos-arm64 0.1.1 NOTE
r-release-macos-x86_64 0.1.1 NOTE
r-release-windows-ix86+x86_64 0.1.1 13.00 422.00 435.00 NOTE
r-oldrel-macos-x86_64 0.1.1 NOTE
r-oldrel-windows-ix86+x86_64 0.1.1 19.00 436.00 455.00 NOTE

Check Details

Version: 0.1.1
Check: installed package size
Result: NOTE
     installed size is 5.4Mb
     sub-directories of 1Mb or more:
     doc 5.2Mb
Flavors: r-devel-linux-x86_64-fedora-clang, r-devel-windows-x86_64-new-UL, r-devel-windows-x86_64-old, r-release-macos-arm64, r-release-macos-x86_64, r-release-windows-ix86+x86_64, r-oldrel-macos-x86_64, r-oldrel-windows-ix86+x86_64