CRAN Package Check Results for Package povcalnetR

Last updated on 2021-04-18 03:46:59 CEST.

Flavor Version Tinstall Tcheck Ttotal Status Flags
r-devel-linux-x86_64-debian-clang 0.1.1 2.68 35.11 37.79 OK
r-devel-linux-x86_64-debian-gcc 0.1.1 2.13 27.54 29.67 OK
r-devel-linux-x86_64-fedora-clang 0.1.1 55.42 NOTE
r-devel-linux-x86_64-fedora-gcc 0.1.1 46.19 NOTE
r-devel-windows-ix86+x86_64 0.1.1 9.00 46.00 55.00 OK
r-devel-windows-x86_64-gcc10-UCRT 0.1.1 NOTE
r-patched-linux-x86_64 0.1.1 2.77 34.26 37.03 OK
r-patched-solaris-x86 0.1.1 73.10 NOTE
r-release-linux-x86_64 0.1.1 2.67 34.05 36.72 OK
r-release-macos-x86_64 0.1.1 NOTE
r-release-windows-ix86+x86_64 0.1.1 8.00 57.00 65.00 OK
r-oldrel-macos-x86_64 0.1.1 NOTE
r-oldrel-windows-ix86+x86_64 0.1.1 4.00 51.00 55.00 OK

Check Details

Version: 0.1.1
Check: dependencies in R code
Result: NOTE
    Namespace in Imports field not imported from: ‘memoise’
     All declared Imports should be used.
Flavors: r-devel-linux-x86_64-fedora-clang, r-devel-linux-x86_64-fedora-gcc, r-devel-windows-x86_64-gcc10-UCRT, r-patched-solaris-x86, r-release-macos-x86_64, r-oldrel-macos-x86_64