CRAN Package Check Results for Package postcards

Last updated on 2021-06-20 07:50:18 CEST.

Flavor Version Tinstall Tcheck Ttotal Status Flags
r-devel-linux-x86_64-debian-clang 0.2.0 1.87 21.98 23.85 NOTE
r-devel-linux-x86_64-debian-gcc 0.2.0 1.67 17.26 18.93 NOTE
r-devel-linux-x86_64-fedora-clang 0.2.0 37.92 NOTE
r-devel-linux-x86_64-fedora-gcc 0.2.0 27.74 NOTE
r-devel-windows-x86_64 0.2.0 4.00 28.00 32.00 NOTE
r-devel-windows-x86_64-gcc10-UCRT 0.2.0 NOTE
r-patched-linux-x86_64 0.2.0 2.31 21.67 23.98 NOTE
r-patched-solaris-x86 0.2.0 46.70 NOTE
r-release-linux-x86_64 0.2.0 2.29 21.24 23.53 NOTE
r-release-macos-arm64 0.2.0 NOTE
r-release-macos-x86_64 0.2.0 NOTE
r-release-windows-ix86+x86_64 0.2.0 5.00 38.00 43.00 NOTE
r-oldrel-macos-x86_64 0.2.0 OK
r-oldrel-windows-ix86+x86_64 0.2.0 4.00 39.00 43.00 OK

Check Details

Version: 0.2.0
Check: LazyData
Result: NOTE
     'LazyData' is specified without a 'data' directory
Flavors: r-devel-linux-x86_64-debian-clang, r-devel-linux-x86_64-debian-gcc, r-devel-linux-x86_64-fedora-clang, r-devel-linux-x86_64-fedora-gcc, r-devel-windows-x86_64, r-devel-windows-x86_64-gcc10-UCRT, r-patched-linux-x86_64, r-patched-solaris-x86, r-release-linux-x86_64, r-release-macos-arm64, r-release-macos-x86_64, r-release-windows-ix86+x86_64