Last updated on 2023-03-21 07:54:18 CET.
Flavor | Version | Tinstall | Tcheck | Ttotal | Status | Flags |
---|---|---|---|---|---|---|
r-devel-linux-x86_64-debian-clang | 1.0.0 | OK | ||||
r-devel-linux-x86_64-debian-gcc | 1.0.0 | 26.00 | 194.43 | 220.43 | OK | |
r-devel-linux-x86_64-fedora-clang | 1.0.0 | 368.09 | NOTE | |||
r-devel-linux-x86_64-fedora-gcc | 1.0.0 | 342.70 | NOTE | |||
r-patched-linux-x86_64 | 1.0.0 | 34.78 | 248.83 | 283.61 | OK | |
r-release-linux-x86_64 | 1.0.0 | 27.80 | 248.40 | 276.20 | OK | |
r-release-macos-arm64 | 1.0.0 | 96.00 | NOTE | |||
r-release-macos-x86_64 | 1.0.0 | 124.00 | NOTE | |||
r-release-windows-x86_64 | 1.0.0 | 54.00 | 299.00 | 353.00 | OK | |
r-oldrel-macos-arm64 | 1.0.0 | 93.00 | NOTE | |||
r-oldrel-macos-x86_64 | 1.0.0 | 119.00 | NOTE | |||
r-oldrel-windows-ix86+x86_64 | 1.0.0 | 69.00 | 286.00 | 355.00 | WARN |
Version: 1.0.0
Check: package dependencies
Result: NOTE
Imports includes 23 non-default packages.
Importing from so many packages makes the package vulnerable to any of
them becoming unavailable. Move as many as possible to Suggests and
use conditionally.
Flavor: r-devel-linux-x86_64-fedora-clang
Version: 1.0.0
Check: dependencies in R code
Result: NOTE
Namespaces in Imports field not imported from:
‘psych’ ‘zoo’
All declared Imports should be used.
Flavors: r-devel-linux-x86_64-fedora-clang, r-devel-linux-x86_64-fedora-gcc, r-release-macos-arm64, r-release-macos-x86_64, r-oldrel-macos-arm64, r-oldrel-macos-x86_64
Version: 1.0.0
Check: R code for possible problems
Result: NOTE
Initiating curl with CURL_SSL_BACKEND: openssl
Flavor: r-oldrel-windows-ix86+x86_64
Version: 1.0.0
Check: Rd files
Result: WARN
Initiating curl with CURL_SSL_BACKEND: openssl
Flavor: r-oldrel-windows-ix86+x86_64