CRAN Package Check Results for Package pop

Last updated on 2021-09-18 19:49:41 CEST.

Flavor Version Tinstall Tcheck Ttotal Status Flags
r-devel-linux-x86_64-debian-clang 0.1 2.95 49.85 52.80 NOTE
r-devel-linux-x86_64-debian-gcc 0.1 3.08 38.02 41.10 NOTE
r-devel-linux-x86_64-fedora-clang 0.1 71.95 NOTE
r-devel-linux-x86_64-fedora-gcc 0.1 60.59 NOTE
r-devel-windows-x86_64 0.1 4.00 69.00 73.00 NOTE
r-devel-windows-x86_64-gcc10-UCRT 0.1 NOTE
r-patched-linux-x86_64 0.1 3.98 48.03 52.01 NOTE
r-patched-solaris-x86 0.1 88.00 NOTE
r-release-linux-x86_64 0.1 3.37 47.77 51.14 NOTE
r-release-macos-arm64 0.1 NOTE
r-release-macos-x86_64 0.1 NOTE
r-release-windows-ix86+x86_64 0.1 7.00 48.00 55.00 NOTE
r-oldrel-macos-x86_64 0.1 OK
r-oldrel-windows-ix86+x86_64 0.1 7.00 51.00 58.00 OK

Check Details

Version: 0.1
Check: LazyData
Result: NOTE
     'LazyData' is specified without a 'data' directory
Flavors: r-devel-linux-x86_64-debian-clang, r-devel-linux-x86_64-debian-gcc, r-devel-linux-x86_64-fedora-clang, r-devel-linux-x86_64-fedora-gcc, r-devel-windows-x86_64, r-devel-windows-x86_64-gcc10-UCRT, r-patched-linux-x86_64, r-patched-solaris-x86, r-release-linux-x86_64, r-release-macos-arm64, r-release-macos-x86_64, r-release-windows-ix86+x86_64