CRAN Package Check Results for Package pop

Last updated on 2022-08-12 07:53:22 CEST.

Flavor Version Tinstall Tcheck Ttotal Status Flags
r-devel-linux-x86_64-debian-clang 0.1 4.78 51.72 56.50 NOTE
r-devel-linux-x86_64-debian-gcc 0.1 3.33 39.09 42.42 NOTE
r-devel-linux-x86_64-fedora-clang 0.1 76.02 NOTE
r-devel-linux-x86_64-fedora-gcc 0.1 75.01 NOTE
r-devel-windows-x86_64 0.1 16.00 82.00 98.00 NOTE
r-patched-linux-x86_64 0.1 3.64 49.16 52.80 NOTE
r-release-linux-x86_64 0.1 2.90 49.69 52.59 NOTE
r-release-macos-arm64 0.1 21.00 NOTE
r-release-macos-x86_64 0.1 45.00 NOTE
r-release-windows-x86_64 0.1 19.00 77.00 96.00 NOTE
r-oldrel-macos-arm64 0.1 31.00 NOTE
r-oldrel-macos-x86_64 0.1 38.00 NOTE
r-oldrel-windows-ix86+x86_64 0.1 9.00 70.00 79.00 NOTE

Check Details

Version: 0.1
Check: LazyData
Result: NOTE
     'LazyData' is specified without a 'data' directory
Flavors: r-devel-linux-x86_64-debian-clang, r-devel-linux-x86_64-debian-gcc, r-devel-linux-x86_64-fedora-clang, r-devel-linux-x86_64-fedora-gcc, r-devel-windows-x86_64, r-patched-linux-x86_64, r-release-linux-x86_64, r-release-macos-arm64, r-release-macos-x86_64, r-release-windows-x86_64, r-oldrel-macos-arm64, r-oldrel-macos-x86_64, r-oldrel-windows-ix86+x86_64