CRAN Package Check Results for Package pompp

Last updated on 2023-05-29 11:57:02 CEST.

Flavor Version Tinstall Tcheck Ttotal Status Flags
r-devel-linux-x86_64-debian-clang 0.1.3 110.85 53.57 164.42 OK
r-devel-linux-x86_64-debian-gcc 0.1.3 98.67 45.24 143.91 OK
r-devel-linux-x86_64-fedora-clang 0.1.3 239.08 OK
r-devel-linux-x86_64-fedora-gcc 0.1.3 251.69 OK
r-devel-windows-x86_64 0.1.3 89.00 89.00 178.00 OK
r-patched-linux-x86_64 0.1.3 103.83 57.68 161.51 OK
r-release-linux-x86_64 0.1.3 106.96 57.14 164.10 OK
r-release-macos-arm64 0.1.3 69.00 NOTE
r-release-macos-x86_64 0.1.3 115.00 NOTE
r-release-windows-x86_64 0.1.3 114.00 101.00 215.00 OK
r-oldrel-macos-arm64 0.1.3 82.00 NOTE
r-oldrel-macos-x86_64 0.1.3 95.00 NOTE
r-oldrel-windows-x86_64 0.1.3 106.00 92.00 198.00 OK

Check Details

Version: 0.1.3
Check: installed package size
Result: NOTE
     installed size is 19.5Mb
     sub-directories of 1Mb or more:
     libs 19.1Mb
Flavors: r-release-macos-arm64, r-release-macos-x86_64, r-oldrel-macos-arm64, r-oldrel-macos-x86_64