CRAN Package Check Results for Package pomodoro

Last updated on 2024-07-14 08:48:31 CEST.

Flavor Version Tinstall Tcheck Ttotal Status Flags
r-devel-linux-x86_64-debian-clang 3.8.0 12.84 259.42 272.26 NOTE
r-devel-linux-x86_64-debian-gcc 3.8.0 13.58 189.79 203.37 NOTE
r-devel-linux-x86_64-fedora-clang 3.8.0 348.40 NOTE
r-devel-linux-x86_64-fedora-gcc 3.8.0 343.18 NOTE
r-devel-windows-x86_64 3.8.0 14.00 209.00 223.00 NOTE
r-patched-linux-x86_64 3.8.0 11.26 243.75 255.01 NOTE
r-release-linux-x86_64 3.8.0 10.30 245.16 255.46 NOTE
r-release-macos-arm64 3.8.0 130.00 NOTE
r-release-macos-x86_64 3.8.0 185.00 NOTE
r-release-windows-x86_64 3.8.0 13.00 207.00 220.00 NOTE
r-oldrel-macos-arm64 3.8.0 142.00 OK
r-oldrel-macos-x86_64 3.8.0 213.00 OK
r-oldrel-windows-x86_64 3.8.0 19.00 245.00 264.00 OK

Check Details

Version: 3.8.0
Check: Rd files
Result: NOTE checkRd: (-1) MLM_Model.Rd:31: Lost braces; missing escapes or markup? 31 | the weight vectors \bold{{w}^{i}} corresponds to class \eqn{i}{i}. | ^ checkRd: (-1) MLM_Model.Rd:33: Lost braces; missing escapes or markup? 33 | We set \eqn{{\bold{{w}}^{h}} = 0} and the parameters to be learned are the weight vectors \bold{{w}^{i}} | ^ Flavors: r-devel-linux-x86_64-debian-clang, r-devel-linux-x86_64-debian-gcc, r-devel-linux-x86_64-fedora-clang, r-devel-linux-x86_64-fedora-gcc, r-devel-windows-x86_64, r-patched-linux-x86_64, r-release-linux-x86_64, r-release-macos-arm64, r-release-macos-x86_64, r-release-windows-x86_64