CRAN Package Check Results for Package polypoly

Last updated on 2021-06-20 19:50:36 CEST.

Flavor Version Tinstall Tcheck Ttotal Status Flags
r-devel-linux-x86_64-debian-clang 0.0.2 1.94 40.19 42.13 NOTE
r-devel-linux-x86_64-debian-gcc 0.0.2 1.64 30.74 32.38 NOTE
r-devel-linux-x86_64-fedora-clang 0.0.2 58.13 NOTE
r-devel-linux-x86_64-fedora-gcc 0.0.2 48.68 NOTE
r-devel-windows-x86_64 0.0.2 4.00 57.00 61.00 NOTE
r-devel-windows-x86_64-gcc10-UCRT 0.0.2 NOTE
r-patched-linux-x86_64 0.0.2 2.18 37.46 39.64 NOTE
r-patched-solaris-x86 0.0.2 71.80 NOTE
r-release-linux-x86_64 0.0.2 2.04 38.00 40.04 NOTE
r-release-macos-arm64 0.0.2 NOTE
r-release-macos-x86_64 0.0.2 NOTE
r-release-windows-ix86+x86_64 0.0.2 5.00 56.00 61.00 NOTE
r-oldrel-macos-x86_64 0.0.2 OK

Check Details

Version: 0.0.2
Check: LazyData
Result: NOTE
     'LazyData' is specified without a 'data' directory
Flavors: r-devel-linux-x86_64-debian-clang, r-devel-linux-x86_64-debian-gcc, r-devel-linux-x86_64-fedora-clang, r-devel-linux-x86_64-fedora-gcc, r-devel-windows-x86_64, r-devel-windows-x86_64-gcc10-UCRT, r-patched-linux-x86_64, r-patched-solaris-x86, r-release-linux-x86_64, r-release-macos-arm64, r-release-macos-x86_64, r-release-windows-ix86+x86_64