Last updated on 2021-03-06 23:48:37 CET.
Flavor | Version | Tinstall | Tcheck | Ttotal | Status | Flags |
---|---|---|---|---|---|---|
r-devel-linux-x86_64-debian-clang | 0.8.5 | 25.25 | 268.95 | 294.20 | OK | |
r-devel-linux-x86_64-debian-gcc | 0.8.5 | 17.84 | 179.56 | 197.40 | OK | |
r-devel-linux-x86_64-fedora-clang | 0.8.5 | 324.63 | OK | |||
r-devel-linux-x86_64-fedora-gcc | 0.8.5 | 289.64 | OK | |||
r-devel-windows-ix86+x86_64 | 0.8.5 | 44.00 | 211.00 | 255.00 | OK | |
r-devel-windows-x86_64-gcc10-UCRT | 0.8.5 | ERROR | ||||
r-patched-linux-x86_64 | 0.8.5 | 19.47 | 221.45 | 240.92 | OK | |
r-patched-solaris-x86 | 0.8.5 | 371.40 | OK | |||
r-release-linux-x86_64 | 0.8.5 | 21.23 | 222.47 | 243.70 | OK | |
r-release-macos-x86_64 | 0.8.5 | OK | ||||
r-release-windows-ix86+x86_64 | 0.8.5 | 35.00 | 215.00 | 250.00 | OK | |
r-oldrel-macos-x86_64 | 0.8.5 | OK | ||||
r-oldrel-windows-ix86+x86_64 | 0.8.5 | 30.00 | 202.00 | 232.00 | OK |
Version: 0.8.5
Check: package dependencies
Result: ERROR
Package required but not available: 'RcppCWB'
See section 'The DESCRIPTION file' in the 'Writing R Extensions'
manual.
Flavor: r-devel-windows-x86_64-gcc10-UCRT