CRAN Package Check Results for Package politeness

Last updated on 2021-03-07 19:49:04 CET.

Flavor Version Tinstall Tcheck Ttotal Status Flags
r-devel-linux-x86_64-debian-clang 0.7.7 8.94 112.66 121.60 OK
r-devel-linux-x86_64-debian-gcc 0.7.7 8.00 84.18 92.18 OK
r-devel-linux-x86_64-fedora-clang 0.7.7 149.95 NOTE
r-devel-linux-x86_64-fedora-gcc 0.7.7 148.20 NOTE
r-devel-windows-ix86+x86_64 0.7.6 20.00 104.00 124.00 OK
r-devel-windows-x86_64-gcc10-UCRT 0.7.7 NOTE
r-patched-linux-x86_64 0.7.7 8.61 106.59 115.20 OK
r-patched-solaris-x86 0.7.7 205.80 NOTE
r-release-linux-x86_64 0.7.7 8.33 106.02 114.35 OK
r-release-macos-x86_64 0.7.7 NOTE
r-release-windows-ix86+x86_64 0.7.7 20.00 137.00 157.00 OK
r-oldrel-macos-x86_64 0.7.7 NOTE
r-oldrel-windows-ix86+x86_64 0.7.7 17.00 130.00 147.00 OK

Check Details

Version: 0.7.7
Check: data for non-ASCII characters
Result: NOTE
     Note: found 9 marked UTF-8 strings
Flavors: r-devel-linux-x86_64-fedora-clang, r-devel-linux-x86_64-fedora-gcc, r-patched-solaris-x86, r-release-macos-x86_64, r-oldrel-macos-x86_64

Version: 0.7.7
Check: data for non-ASCII characters
Result: NOTE
     Note: found 9 marked Latin-1 strings
Flavor: r-devel-windows-x86_64-gcc10-UCRT