CRAN Package Check Results for Package policytree

Last updated on 2021-06-20 03:48:33 CEST.

Flavor Version Tinstall Tcheck Ttotal Status Flags
r-devel-linux-x86_64-debian-clang 1.0.4 22.98 52.30 75.28 NOTE
r-devel-linux-x86_64-debian-gcc 1.0.4 15.69 42.40 58.09 NOTE
r-devel-linux-x86_64-fedora-clang 1.0.4 105.68 NOTE
r-devel-linux-x86_64-fedora-gcc 1.0.4 94.83 NOTE
r-devel-windows-x86_64 1.0.4 31.00 68.00 99.00 NOTE
r-devel-windows-x86_64-gcc10-UCRT 1.0.4 NOTE
r-patched-linux-x86_64 1.0.4 18.57 53.17 71.74 NOTE
r-patched-solaris-x86 1.0.4 436.40 NOTE
r-release-linux-x86_64 1.0.4 19.18 53.55 72.73 NOTE
r-release-macos-arm64 1.0.4 NOTE
r-release-macos-x86_64 1.0.4 NOTE
r-release-windows-ix86+x86_64 1.0.4 56.00 89.00 145.00 NOTE
r-oldrel-macos-x86_64 1.0.4 OK
r-oldrel-windows-ix86+x86_64 1.0.4 41.00 94.00 135.00 OK

Check Details

Version: 1.0.4
Check: LazyData
Result: NOTE
     'LazyData' is specified without a 'data' directory
Flavors: r-devel-linux-x86_64-debian-clang, r-devel-linux-x86_64-debian-gcc, r-devel-linux-x86_64-fedora-clang, r-devel-linux-x86_64-fedora-gcc, r-devel-windows-x86_64, r-devel-windows-x86_64-gcc10-UCRT, r-patched-linux-x86_64, r-patched-solaris-x86, r-release-linux-x86_64, r-release-macos-arm64, r-release-macos-x86_64, r-release-windows-ix86+x86_64