CRAN Package Check Results for Package pointr

Last updated on 2021-06-19 23:49:28 CEST.

Flavor Version Tinstall Tcheck Ttotal Status Flags
r-devel-linux-x86_64-debian-clang 0.2.0 1.89 19.94 21.83 NOTE
r-devel-linux-x86_64-debian-gcc 0.2.0 1.39 15.91 17.30 NOTE
r-devel-linux-x86_64-fedora-clang 0.2.0 35.32 NOTE
r-devel-linux-x86_64-fedora-gcc 0.2.0 24.86 NOTE
r-devel-windows-x86_64 0.2.0 4.00 29.00 33.00 NOTE
r-devel-windows-x86_64-gcc10-UCRT 0.2.0 NOTE
r-patched-linux-x86_64 0.2.0 2.03 19.62 21.65 NOTE
r-patched-solaris-x86 0.2.0 41.00 NOTE
r-release-linux-x86_64 0.2.0 1.80 19.24 21.04 NOTE
r-release-macos-arm64 0.2.0 NOTE
r-release-macos-x86_64 0.2.0 NOTE
r-release-windows-ix86+x86_64 0.2.0 4.00 34.00 38.00 NOTE
r-oldrel-macos-x86_64 0.2.0 OK
r-oldrel-windows-ix86+x86_64 0.2.0 4.00 35.00 39.00 OK

Check Details

Version: 0.2.0
Check: LazyData
Result: NOTE
     'LazyData' is specified without a 'data' directory
Flavors: r-devel-linux-x86_64-debian-clang, r-devel-linux-x86_64-debian-gcc, r-devel-linux-x86_64-fedora-clang, r-devel-linux-x86_64-fedora-gcc, r-devel-windows-x86_64, r-devel-windows-x86_64-gcc10-UCRT, r-patched-linux-x86_64, r-patched-solaris-x86, r-release-linux-x86_64, r-release-macos-arm64, r-release-macos-x86_64, r-release-windows-ix86+x86_64