Last updated on 2021-01-27 15:51:53 CET.
Flavor | Version | Tinstall | Tcheck | Ttotal | Status | Flags |
---|---|---|---|---|---|---|
r-devel-linux-x86_64-debian-clang | 0.6.0 | 14.65 | 318.51 | 333.16 | OK | |
r-devel-linux-x86_64-debian-gcc | 0.6.0 | OK | ||||
r-devel-linux-x86_64-fedora-clang | 0.6.0 | 407.78 | NOTE | |||
r-devel-linux-x86_64-fedora-gcc | 0.6.0 | 409.78 | OK | |||
r-devel-windows-ix86+x86_64 | 0.6.0 | 28.00 | 372.00 | 400.00 | OK | |
r-patched-linux-x86_64 | 0.6.0 | 13.86 | 311.00 | 324.86 | OK | |
r-patched-solaris-x86 | 0.6.0 | 454.80 | OK | |||
r-release-linux-x86_64 | 0.6.0 | 14.30 | 310.65 | 324.95 | OK | |
r-release-macos-x86_64 | 0.6.0 | OK | ||||
r-release-windows-ix86+x86_64 | 0.6.0 | 28.00 | 272.00 | 300.00 | OK | |
r-oldrel-macos-x86_64 | 0.6.0 | OK | ||||
r-oldrel-windows-ix86+x86_64 | 0.6.0 | 38.00 | 356.00 | 394.00 | OK |
Version: 0.6.0
Check: package dependencies
Result: NOTE
Imports includes 22 non-default packages.
Importing from so many packages makes the package vulnerable to any of
them becoming unavailable. Move as many as possible to Suggests and
use conditionally.
Flavor: r-devel-linux-x86_64-fedora-clang