CRAN Package Check Results for Package poems

Last updated on 2021-11-28 07:50:52 CET.

Flavor Version Tinstall Tcheck Ttotal Status Flags
r-devel-linux-x86_64-debian-clang 1.0.1 OK
r-devel-linux-x86_64-debian-gcc 1.0.1 21.36 192.83 214.19 OK
r-devel-linux-x86_64-fedora-clang 1.0.1 357.48 NOTE
r-devel-linux-x86_64-fedora-gcc 1.0.1 351.34 NOTE
r-devel-windows-x86_64-new-UL 1.0.1 47.00 720.00 767.00 OK
r-devel-windows-x86_64-new-TK 1.0.1 NOTE
r-devel-windows-x86_64-old 1.0.1 36.00 671.00 707.00 OK
r-patched-linux-x86_64 1.0.1 28.21 264.57 292.78 OK
r-patched-solaris-x86 1.0.1 243.50 NOTE
r-release-linux-x86_64 1.0.1 26.56 264.13 290.69 OK
r-release-macos-arm64 1.0.1 NOTE
r-release-macos-x86_64 1.0.1 NOTE
r-release-windows-ix86+x86_64 1.0.1 44.00 505.00 549.00 OK
r-oldrel-macos-x86_64 1.0.1 NOTE
r-oldrel-windows-ix86+x86_64 1.0.1 30.00 707.00 737.00 OK

Check Details

Version: 1.0.1
Check: dependencies in R code
Result: NOTE
    Namespaces in Imports field not imported from:
     ‘abc’ ‘doParallel’ ‘gdistance’ ‘geosphere’ ‘lhs’ ‘metRology’ ‘raster’
     ‘trend’
     All declared Imports should be used.
Flavors: r-devel-linux-x86_64-fedora-clang, r-devel-linux-x86_64-fedora-gcc, r-devel-windows-x86_64-new-TK, r-patched-solaris-x86, r-release-macos-arm64, r-release-macos-x86_64, r-oldrel-macos-x86_64