Last updated on 2021-02-25 07:49:53 CET.
Flavor | Version | Tinstall | Tcheck | Ttotal | Status | Flags |
---|---|---|---|---|---|---|
r-devel-linux-x86_64-debian-clang | 0.2.0 | 3.35 | 36.29 | 39.64 | OK | |
r-devel-linux-x86_64-debian-gcc | 0.2.0 | 2.73 | 28.11 | 30.84 | OK | |
r-devel-linux-x86_64-fedora-clang | 0.2.0 | 57.25 | OK | |||
r-devel-linux-x86_64-fedora-gcc | 0.2.0 | 46.30 | OK | |||
r-devel-windows-ix86+x86_64 | 0.1.9 | 4.00 | 34.00 | 38.00 | OK | |
r-patched-linux-x86_64 | 0.2.0 | 2.78 | 35.11 | 37.89 | OK | |
r-patched-solaris-x86 | 0.2.0 | 62.90 | OK | |||
r-release-linux-x86_64 | 0.2.0 | 3.27 | 35.54 | 38.81 | OK | |
r-release-macos-x86_64 | 0.2.0 | OK | ||||
r-release-windows-ix86+x86_64 | 0.1.9 | 7.00 | 10.00 | 17.00 | ERROR | |
r-oldrel-macos-x86_64 | 0.2.0 | OK | ||||
r-oldrel-windows-ix86+x86_64 | 0.1.9 | 4.00 | 49.00 | 53.00 | OK |
Version: 0.1.9
Check: whether package can be installed
Result: ERROR
Installation failed.
See 'd:/Rcompile/CRANpkg/local/4.0/pmwg.Rcheck/00install.out'*
Flavor: r-release-windows-ix86+x86_64