CRAN Package Check Results for Package pls

Last updated on 2021-06-19 11:51:57 CEST.

Flavor Version Tinstall Tcheck Ttotal Status Flags
r-devel-linux-x86_64-debian-clang 2.7-3 6.01 66.98 72.99 OK
r-devel-linux-x86_64-debian-gcc 2.7-3 5.47 51.86 57.33 OK
r-devel-linux-x86_64-fedora-clang 2.7-3 96.65 NOTE
r-devel-linux-x86_64-fedora-gcc 2.7-3 86.97 OK
r-devel-windows-x86_64 2.7-3 10.00 67.00 77.00 OK
r-devel-windows-x86_64-gcc10-UCRT 2.7-3 OK
r-patched-linux-x86_64 2.7-3 7.25 64.88 72.13 OK
r-patched-solaris-x86 2.7-3 141.80 OK
r-release-linux-x86_64 2.7-3 5.32 64.87 70.19 OK
r-release-macos-arm64 2.7-3 NOTE
r-release-macos-x86_64 2.7-3 NOTE
r-release-windows-ix86+x86_64 2.7-3 11.00 84.00 95.00 OK
r-oldrel-macos-x86_64 2.7-3 NOTE
r-oldrel-windows-ix86+x86_64 2.7-3 9.00 86.00 95.00 OK

Check Details

Version: 2.7-3
Check: Rd cross-references
Result: NOTE
    Undeclared package ‘sm’ in Rd xrefs
Flavor: r-devel-linux-x86_64-fedora-clang

Version: 2.7-3
Check: package dependencies
Result: NOTE
    Package suggested but not available for checking: ‘Rmpi’
Flavors: r-release-macos-arm64, r-release-macos-x86_64, r-oldrel-macos-x86_64