CRAN Package Check Results for Package plotrr

Last updated on 2021-03-04 15:49:25 CET.

Flavor Version Tinstall Tcheck Ttotal Status Flags
r-devel-linux-x86_64-debian-clang 1.0.0 2.44 46.88 49.32 OK
r-devel-linux-x86_64-debian-gcc 1.0.0 1.82 34.92 36.74 OK
r-devel-linux-x86_64-fedora-clang 1.0.0 65.90 NOTE
r-devel-linux-x86_64-fedora-gcc 1.0.0 56.67 NOTE
r-devel-windows-ix86+x86_64 1.0.0 6.00 50.00 56.00 OK
r-patched-linux-x86_64 1.0.0 2.10 44.28 46.38 OK
r-patched-solaris-x86 1.0.0 79.10 NOTE
r-release-linux-x86_64 1.0.0 2.37 43.24 45.61 OK
r-release-macos-x86_64 1.0.0 NOTE
r-release-windows-ix86+x86_64 1.0.0 4.00 47.00 51.00 OK
r-oldrel-macos-x86_64 1.0.0 NOTE
r-oldrel-windows-ix86+x86_64 1.0.0 5.00 67.00 72.00 OK

Check Details

Version: 1.0.0
Check: dependencies in R code
Result: NOTE
    Namespaces in Imports field not imported from:
     ‘dplyr’ ‘stats’
     All declared Imports should be used.
Flavors: r-devel-linux-x86_64-fedora-clang, r-devel-linux-x86_64-fedora-gcc, r-patched-solaris-x86, r-release-macos-x86_64, r-oldrel-macos-x86_64