CRAN Package Check Results for Package plotmm

Last updated on 2021-02-25 07:49:53 CET.

Flavor Version Tinstall Tcheck Ttotal Status Flags
r-devel-linux-x86_64-debian-clang 0.1.0 2.60 53.13 55.73 OK
r-devel-linux-x86_64-debian-gcc 0.1.0 2.02 39.51 41.53 OK
r-devel-linux-x86_64-fedora-clang 0.1.0 75.79 NOTE
r-devel-linux-x86_64-fedora-gcc 0.1.0 65.53 NOTE
r-devel-windows-ix86+x86_64 0.1.0 5.00 60.00 65.00 OK
r-patched-linux-x86_64 0.1.0 2.67 50.38 53.05 OK
r-patched-solaris-x86 0.1.0 103.10 NOTE
r-release-linux-x86_64 0.1.0 2.46 51.80 54.26 OK
r-release-macos-x86_64 0.1.0 NOTE
r-release-windows-ix86+x86_64 0.1.0 7.00 75.00 82.00 OK
r-oldrel-macos-x86_64 0.1.0 NOTE
r-oldrel-windows-ix86+x86_64 0.1.0 4.00 75.00 79.00 OK

Check Details

Version: 0.1.0
Check: dependencies in R code
Result: NOTE
    Namespaces in Imports field not imported from:
     ‘dplyr’ ‘patchwork’
     All declared Imports should be used.
Flavors: r-devel-linux-x86_64-fedora-clang, r-devel-linux-x86_64-fedora-gcc, r-patched-solaris-x86, r-release-macos-x86_64, r-oldrel-macos-x86_64