CRAN Package Check Results for Package plotly

Last updated on 2021-10-28 19:52:08 CEST.

Flavor Version Tinstall Tcheck Ttotal Status Flags
r-devel-linux-x86_64-debian-clang 4.10.0 19.61 247.95 267.56 OK
r-devel-linux-x86_64-debian-gcc 4.10.0 14.34 175.63 189.97 OK
r-devel-linux-x86_64-fedora-clang 4.10.0 310.48 NOTE
r-devel-linux-x86_64-fedora-gcc 4.10.0 318.97 OK
r-devel-windows-x86_64 4.10.0 26.00 214.00 240.00 NOTE
r-devel-windows-x86_64-gcc10-UCRT 4.10.0 OK
r-patched-linux-x86_64 4.10.0 16.96 229.23 246.19 OK
r-patched-solaris-x86 4.10.0 379.80 NOTE
r-release-linux-x86_64 4.10.0 15.10 228.82 243.92 OK
r-release-macos-arm64 4.10.0 NOTE
r-release-macos-x86_64 4.10.0 NOTE
r-release-windows-ix86+x86_64 4.10.0 24.00 284.00 308.00 NOTE
r-oldrel-macos-x86_64 4.10.0 NOTE
r-oldrel-windows-ix86+x86_64 4.10.0 22.00 242.00 264.00 NOTE

Check Details

Version: 4.10.0
Check: installed package size
Result: NOTE
     installed size is 7.1Mb
     sub-directories of 1Mb or more:
     htmlwidgets 4.0Mb
Flavors: r-devel-linux-x86_64-fedora-clang, r-devel-windows-x86_64, r-patched-solaris-x86, r-release-macos-arm64, r-release-macos-x86_64, r-release-windows-ix86+x86_64, r-oldrel-macos-x86_64, r-oldrel-windows-ix86+x86_64