Last updated on 2021-03-01 23:49:03 CET.
Flavor | Version | Tinstall | Tcheck | Ttotal | Status | Flags |
---|---|---|---|---|---|---|
r-devel-linux-x86_64-debian-clang | 0.0.9 | OK | ||||
r-devel-linux-x86_64-debian-gcc | 0.0.9 | 12.68 | 104.85 | 117.53 | OK | |
r-devel-linux-x86_64-fedora-clang | 0.0.9 | 195.27 | OK | |||
r-devel-linux-x86_64-fedora-gcc | 0.0.9 | 179.56 | OK | |||
r-devel-windows-ix86+x86_64 | 0.0.9 | 25.00 | 106.00 | 131.00 | OK | --no-vignettes |
r-patched-linux-x86_64 | 0.0.9 | 13.88 | 130.96 | 144.84 | OK | |
r-patched-solaris-x86 | 0.0.9 | 292.00 | OK | |||
r-release-linux-x86_64 | 0.0.9 | 14.59 | 130.43 | 145.02 | OK | |
r-release-macos-x86_64 | 0.0.9 | OK | ||||
r-release-windows-ix86+x86_64 | 0.0.9 | 36.00 | 157.00 | 193.00 | OK | --no-vignettes |
r-oldrel-macos-x86_64 | 0.0.9 | ERROR | ||||
r-oldrel-windows-ix86+x86_64 | 0.0.7 | 29.00 | 98.00 | 127.00 | OK | --no-vignettes |
Version: 0.0.9
Check: whether package can be installed
Result: ERROR
Installation failed.
Flavor: r-oldrel-macos-x86_64