CRAN Package Check Results for Package pkgnews

Last updated on 2021-06-17 07:49:13 CEST.

Flavor Version Tinstall Tcheck Ttotal Status Flags
r-devel-linux-x86_64-debian-clang 0.0.2 1.90 25.29 27.19 NOTE
r-devel-linux-x86_64-debian-gcc 0.0.2 1.54 20.31 21.85 NOTE
r-devel-linux-x86_64-fedora-clang 0.0.2 41.82 NOTE
r-devel-linux-x86_64-fedora-gcc 0.0.2 29.61 NOTE
r-devel-windows-x86_64 0.0.2 4.00 47.00 51.00 NOTE
r-devel-windows-x86_64-gcc10-UCRT 0.0.2 NOTE
r-patched-linux-x86_64 0.0.2 1.78 24.63 26.41 NOTE
r-patched-solaris-x86 0.0.2 46.90 NOTE
r-release-linux-x86_64 0.0.2 1.70 24.71 26.41 NOTE
r-release-macos-arm64 0.0.2 NOTE
r-release-macos-x86_64 0.0.2 NOTE
r-release-windows-ix86+x86_64 0.0.2 4.00 47.00 51.00 NOTE
r-oldrel-macos-x86_64 0.0.2 OK
r-oldrel-windows-ix86+x86_64 0.0.2 4.00 48.00 52.00 OK

Check Details

Version: 0.0.2
Check: LazyData
Result: NOTE
     'LazyData' is specified without a 'data' directory
Flavors: r-devel-linux-x86_64-debian-clang, r-devel-linux-x86_64-debian-gcc, r-devel-linux-x86_64-fedora-clang, r-devel-linux-x86_64-fedora-gcc, r-devel-windows-x86_64, r-devel-windows-x86_64-gcc10-UCRT, r-patched-linux-x86_64, r-patched-solaris-x86, r-release-linux-x86_64, r-release-macos-arm64, r-release-macos-x86_64, r-release-windows-ix86+x86_64