CRAN Package Check Results for Package pkgcond

Last updated on 2021-04-20 23:47:52 CEST.

Flavor Version Tinstall Tcheck Ttotal Status Flags
r-devel-linux-x86_64-debian-clang 0.1.0 1.96 25.42 27.38 ERROR
r-devel-linux-x86_64-debian-gcc 0.1.0 1.59 20.53 22.12 ERROR
r-devel-linux-x86_64-fedora-clang 0.1.0 45.88 ERROR
r-devel-linux-x86_64-fedora-gcc 0.1.0 34.55 NOTE
r-devel-windows-ix86+x86_64 0.1.0 5.00 34.00 39.00 ERROR
r-devel-windows-x86_64-gcc10-UCRT 0.1.0 NOTE
r-patched-linux-x86_64 0.1.0 2.10 25.04 27.14 ERROR
r-patched-solaris-x86 0.1.0 52.90 ERROR
r-release-linux-x86_64 0.1.0 1.87 25.06 26.93 ERROR
r-release-macos-x86_64 0.1.0 OK
r-release-windows-ix86+x86_64 0.1.0 5.00 42.00 47.00 ERROR
r-oldrel-macos-x86_64 0.1.0 OK
r-oldrel-windows-ix86+x86_64 0.1.0 3.00 39.00 42.00 ERROR

Check Details

Version: 0.1.0
Check: LazyData
Result: NOTE
     'LazyData' is specified without a 'data' directory
Flavors: r-devel-linux-x86_64-debian-clang, r-devel-linux-x86_64-debian-gcc, r-devel-linux-x86_64-fedora-clang, r-devel-linux-x86_64-fedora-gcc, r-devel-windows-ix86+x86_64, r-devel-windows-x86_64-gcc10-UCRT

Version: 0.1.0
Check: tests
Result: ERROR
     Running 'testthat.R' [2s/2s]
    Running the tests in 'tests/testthat.R' failed.
    Complete output:
     > library(testthat)
     > library(pkgcond)
     >
     > test_check("pkgcond")
     == Failed tests ================================================================
     -- Error (assert_that.R:34:5): .test_assert_that -------------------------------
     Error: there is no package called 'assertthat'
     Backtrace:
     x
     1. +-testthat::expect_true(assert_that(1 == 1))
     2. | \-testthat::quasi_label(enquo(object), label, arg = "object")
     3. | \-rlang::eval_bare(expr, quo_get_env(quo))
     4. +-pkgcond::assert_that(1 == 1)
     5. \-base::loadNamespace(x)
     6. \-base::withRestarts(stop(cond), retry_loadNamespace = function() NULL)
     7. \-base:::withOneRestart(expr, restarts[[1L]])
     8. \-base:::doWithOneRestart(return(expr), restart)
    
     [ FAIL 1 | WARN 0 | SKIP 0 | PASS 115 ]
     Error: Test failures
     Execution halted
Flavor: r-devel-linux-x86_64-debian-clang

Version: 0.1.0
Check: tests
Result: ERROR
     Running ‘testthat.R’ [2s/3s]
    Running the tests in ‘tests/testthat.R’ failed.
    Complete output:
     > library(testthat)
     > library(pkgcond)
     >
     > test_check("pkgcond")
     ══ Failed tests ════════════════════════════════════════════════════════════════
     ── Error (assert_that.R:34:5): .test_assert_that ───────────────────────────────
     Error: there is no package called 'assertthat'
     Backtrace:
     █
     1. ├─testthat::expect_true(assert_that(1 == 1))
     2. │ └─testthat::quasi_label(enquo(object), label, arg = "object")
     3. │ └─rlang::eval_bare(expr, quo_get_env(quo))
     4. ├─pkgcond::assert_that(1 == 1)
     5. └─base::loadNamespace(x)
     6. └─base::withRestarts(stop(cond), retry_loadNamespace = function() NULL)
     7. └─base:::withOneRestart(expr, restarts[[1L]])
     8. └─base:::doWithOneRestart(return(expr), restart)
    
     [ FAIL 1 | WARN 0 | SKIP 0 | PASS 115 ]
     Error: Test failures
     Execution halted
Flavor: r-devel-linux-x86_64-debian-gcc

Version: 0.1.0
Check: tests
Result: ERROR
     Running ‘testthat.R’
    Running the tests in ‘tests/testthat.R’ failed.
    Complete output:
     > library(testthat)
     > library(pkgcond)
     >
     > test_check("pkgcond")
     ══ Failed tests ════════════════════════════════════════════════════════════════
     ── Error (assert_that.R:34:5): .test_assert_that ───────────────────────────────
     Error: there is no package called 'assertthat'
     Backtrace:
     █
     1. ├─testthat::expect_true(assert_that(1 == 1))
     2. │ └─testthat::quasi_label(enquo(object), label, arg = "object")
     3. │ └─rlang::eval_bare(expr, quo_get_env(quo))
     4. ├─pkgcond::assert_that(1 == 1)
     5. └─base::loadNamespace(x)
     6. └─base::withRestarts(stop(cond), retry_loadNamespace = function() NULL)
     7. └─base:::withOneRestart(expr, restarts[[1L]])
     8. └─base:::doWithOneRestart(return(expr), restart)
    
     [ FAIL 1 | WARN 0 | SKIP 0 | PASS 115 ]
     Error: Test failures
     Execution halted
Flavor: r-devel-linux-x86_64-fedora-clang

Version: 0.1.0
Check: tests
Result: ERROR
     Running 'testthat.R' [2s]
    Running the tests in 'tests/testthat.R' failed.
    Complete output:
     > library(testthat)
     > library(pkgcond)
     >
     > test_check("pkgcond")
     == Failed tests ================================================================
     -- Error (assert_that.R:34:5): .test_assert_that -------------------------------
     Error: there is no package called 'assertthat'
     Backtrace:
     x
     1. +-testthat::expect_true(assert_that(1 == 1))
     2. | \-testthat::quasi_label(enquo(object), label, arg = "object")
     3. | \-rlang::eval_bare(expr, quo_get_env(quo))
     4. +-pkgcond::assert_that(1 == 1)
     5. \-base::loadNamespace(x)
     6. \-base::withRestarts(stop(cond), retry_loadNamespace = function() NULL)
     7. \-base:::withOneRestart(expr, restarts[[1L]])
     8. \-base:::doWithOneRestart(return(expr), restart)
    
     [ FAIL 1 | WARN 0 | SKIP 0 | PASS 115 ]
     Error: Test failures
     Execution halted
Flavor: r-devel-windows-ix86+x86_64

Version: 0.1.0
Check: whether package can be installed
Result: WARN
    Found the following significant warnings:
     Rd warning: /tmp/RtmpB38rSv/R.INSTALL484a3d1538dc/pkgcond/man/dot-underscore.Rd:23: file link ‘gettextf’ in package ‘base’ does not exist and so has been treated as a topic
Flavor: r-patched-linux-x86_64

Version: 0.1.0
Check: tests
Result: ERROR
     Running ‘testthat.R’ [2s/2s]
    Running the tests in ‘tests/testthat.R’ failed.
    Complete output:
     > library(testthat)
     > library(pkgcond)
     >
     > test_check("pkgcond")
     ══ Failed tests ════════════════════════════════════════════════════════════════
     ── Error (assert_that.R:34:5): .test_assert_that ───────────────────────────────
     Error: there is no package called 'assertthat'
     Backtrace:
     █
     1. ├─testthat::expect_true(assert_that(1 == 1))
     2. │ └─testthat::quasi_label(enquo(object), label, arg = "object")
     3. │ └─rlang::eval_bare(expr, quo_get_env(quo))
     4. └─pkgcond::assert_that(1 == 1)
     5. └─assertthat::see_if
     6. └─base::getExportedValue(pkg, name)
     7. └─base::asNamespace(ns)
     8. └─base::getNamespace(ns)
     9. └─base::loadNamespace(name)
     10. └─base::withRestarts(stop(cond), retry_loadNamespace = function() NULL)
     11. └─base:::withOneRestart(expr, restarts[[1L]])
     12. └─base:::doWithOneRestart(return(expr), restart)
    
     [ FAIL 1 | WARN 0 | SKIP 0 | PASS 115 ]
     Error: Test failures
     Execution halted
Flavors: r-patched-linux-x86_64, r-release-linux-x86_64

Version: 0.1.0
Check: tests
Result: ERROR
     Running ‘testthat.R’
    Running the tests in ‘tests/testthat.R’ failed.
    Complete output:
     > library(testthat)
     > library(pkgcond)
     >
     > test_check("pkgcond")
     ══ Failed tests ════════════════════════════════════════════════════════════════
     ── Error (assert_that.R:34:5): .test_assert_that ───────────────────────────────
     Error: there is no package called 'assertthat'
     Backtrace:
     █
     1. ├─testthat::expect_true(assert_that(1 == 1))
     2. │ └─testthat::quasi_label(enquo(object), label, arg = "object")
     3. │ └─rlang::eval_bare(expr, quo_get_env(quo))
     4. └─pkgcond::assert_that(1 == 1)
     5. └─assertthat::see_if
     6. └─base::getExportedValue(pkg, name)
     7. └─base::asNamespace(ns)
     8. └─base::getNamespace(ns)
     9. └─base::loadNamespace(name)
     10. └─base::withRestarts(stop(cond), retry_loadNamespace = function() NULL)
     11. └─base:::withOneRestart(expr, restarts[[1L]])
     12. └─base:::doWithOneRestart(return(expr), restart)
    
     [ FAIL 1 | WARN 0 | SKIP 0 | PASS 115 ]
     Error: Test failures
     Execution halted
Flavor: r-patched-solaris-x86

Version: 0.1.0
Check: tests
Result: ERROR
     Running 'testthat.R' [3s]
    Running the tests in 'tests/testthat.R' failed.
    Complete output:
     > library(testthat)
     > library(pkgcond)
     >
     > test_check("pkgcond")
     == Failed tests ================================================================
     -- Error (assert_that.R:34:5): .test_assert_that -------------------------------
     Error: there is no package called 'assertthat'
     Backtrace:
     x
     1. +-testthat::expect_true(assert_that(1 == 1))
     2. | \-testthat::quasi_label(enquo(object), label, arg = "object")
     3. | \-rlang::eval_bare(expr, quo_get_env(quo))
     4. \-pkgcond::assert_that(1 == 1)
     5. \-assertthat::see_if
     6. \-base::getExportedValue(pkg, name)
     7. \-base::asNamespace(ns)
     8. \-base::getNamespace(ns)
     9. \-base::loadNamespace(name)
     10. \-base::withRestarts(stop(cond), retry_loadNamespace = function() NULL)
     11. \-base:::withOneRestart(expr, restarts[[1L]])
     12. \-base:::doWithOneRestart(return(expr), restart)
    
     [ FAIL 1 | WARN 0 | SKIP 0 | PASS 115 ]
     Error: Test failures
     Execution halted
Flavor: r-release-windows-ix86+x86_64

Version: 0.1.0
Check: tests
Result: ERROR
     Running 'testthat.R' [2s]
    Running the tests in 'tests/testthat.R' failed.
    Complete output:
     > library(testthat)
     > library(pkgcond)
     >
     > test_check("pkgcond")
     == Failed tests ================================================================
     -- Error (assert_that.R:34:5): .test_assert_that -------------------------------
     Error: there is no package called 'assertthat'
     Backtrace:
     x
     1. +-testthat::expect_true(assert_that(1 == 1))
     2. | \-testthat::quasi_label(enquo(object), label, arg = "object")
     3. | \-rlang::eval_bare(expr, quo_get_env(quo))
     4. \-pkgcond::assert_that(1 == 1)
     5. \-assertthat::see_if
     6. \-base::getExportedValue(pkg, name)
     7. \-base::asNamespace(ns)
     8. \-base::getNamespace(ns)
     9. \-base::loadNamespace(name)
     10. \-base::withRestarts(stop(cond), retry_loadNamespace = function() NULL)
     11. \-base:::withOneRestart(expr, restarts[[1L]])
     12. \-base:::doWithOneRestart(return(expr), restart)
    
     [ FAIL 1 | WARN 0 | SKIP 0 | PASS 115 ]
     Error: Test failures
     Execution halted
Flavor: r-oldrel-windows-ix86+x86_64