CRAN Package Check Results for Package pinochet

Last updated on 2021-06-15 03:50:56 CEST.

Flavor Version Tinstall Tcheck Ttotal Status Flags
r-devel-linux-x86_64-debian-clang 0.1.0 2.03 27.46 29.49 OK
r-devel-linux-x86_64-debian-gcc 0.1.0 1.54 22.13 23.67 OK
r-devel-linux-x86_64-fedora-clang 0.1.0 45.07 NOTE
r-devel-linux-x86_64-fedora-gcc 0.1.0 34.63 NOTE
r-devel-windows-x86_64 0.1.0 4.00 46.00 50.00 OK
r-devel-windows-x86_64-gcc10-UCRT 0.1.0 WARN
r-patched-linux-x86_64 0.1.0 1.95 26.55 28.50 OK
r-patched-solaris-x86 0.1.0 58.80 NOTE
r-release-linux-x86_64 0.1.0 1.78 26.42 28.20 OK
r-release-macos-arm64 0.1.0 WARN
r-release-macos-x86_64 0.1.0 NOTE
r-release-windows-ix86+x86_64 0.1.0 5.00 44.00 49.00 OK
r-oldrel-macos-x86_64 0.1.0 NOTE
r-oldrel-windows-ix86+x86_64 0.1.0 4.00 47.00 51.00 OK

Check Details

Version: 0.1.0
Check: data for non-ASCII characters
Result: NOTE
     Note: found 2048 marked UTF-8 strings
Flavors: r-devel-linux-x86_64-fedora-clang, r-devel-linux-x86_64-fedora-gcc, r-devel-windows-x86_64-gcc10-UCRT, r-patched-solaris-x86, r-release-macos-arm64, r-release-macos-x86_64, r-oldrel-macos-x86_64

Version: 0.1.0
Check: package dependencies
Result: NOTE
    Package suggested but not available for checking: 'sf'
Flavors: r-devel-windows-x86_64-gcc10-UCRT, r-release-macos-arm64

Version: 0.1.0
Check: re-building of vignette outputs
Result: WARN
    Error(s) in re-building vignettes:
     ...
    --- re-building 'pinochet.Rmd' using rmarkdown
    -- Attaching packages --------------------------------------- tidyverse 1.3.1 --
    v ggplot2 3.3.3 v purrr 0.3.4
    v tibble 3.1.2 v dplyr 1.0.6
    v tidyr 1.1.3 v stringr 1.4.0
    v readr 1.4.0 v forcats 0.5.1
    -- Conflicts ------------------------------------------ tidyverse_conflicts() --
    x dplyr::filter() masks stats::filter()
    x dplyr::group_rows() masks kableExtra::group_rows()
    x dplyr::lag() masks stats::lag()
    Quitting from lines 86-100 (pinochet.Rmd)
    Error: processing vignette 'pinochet.Rmd' failed with diagnostics:
    there is no package called 'sf'
    --- failed re-building 'pinochet.Rmd'
    
    SUMMARY: processing the following file failed:
     'pinochet.Rmd'
    
    Error: Vignette re-building failed.
    Execution halted
Flavor: r-devel-windows-x86_64-gcc10-UCRT

Version: 0.1.0
Check: re-building of vignette outputs
Result: WARN
    Error(s) in re-building vignettes:
     ...
    --- re-building ‘pinochet.Rmd’ using rmarkdown
    Warning in engine$weave(file, quiet = quiet, encoding = enc) :
     Pandoc (>= 1.12.3) not available. Falling back to R Markdown v1.
    ── Attaching packages ─────────────────────────────────────── tidyverse 1.3.1 ──
    ✔ ggplot2 3.3.3 ✔ purrr 0.3.4
    ✔ tibble 3.1.1 ✔ dplyr 1.0.6
    ✔ tidyr 1.1.3 ✔ stringr 1.4.0
    ✔ readr 1.4.0 ✔ forcats 0.5.1
    ── Conflicts ────────────────────────────────────────── tidyverse_conflicts() ──
    ✖ dplyr::filter() masks stats::filter()
    ✖ dplyr::group_rows() masks kableExtra::group_rows()
    ✖ dplyr::lag() masks stats::lag()
    Quitting from lines 86-100 (pinochet.Rmd)
    Error: processing vignette 'pinochet.Rmd' failed with diagnostics:
    there is no package called 'sf'
    --- failed re-building ‘pinochet.Rmd’
    
    SUMMARY: processing the following file failed:
     ‘pinochet.Rmd’
    
    Error: Vignette re-building failed.
    Execution halted
Flavor: r-release-macos-arm64