CRAN Package Check Results for Package piecewiseSEM

Last updated on 2021-02-25 11:47:33 CET.

Flavor Version Tinstall Tcheck Ttotal Status Flags
r-devel-linux-x86_64-debian-clang 2.1.2 13.79 125.32 139.11 OK
r-devel-linux-x86_64-debian-gcc 2.1.2 11.83 95.19 107.02 OK
r-devel-linux-x86_64-fedora-clang 2.1.2 176.10 OK
r-devel-linux-x86_64-fedora-gcc 2.1.2 162.10 OK
r-devel-windows-ix86+x86_64 2.1.2 26.00 116.00 142.00 OK
r-patched-linux-x86_64 2.1.2 13.52 117.62 131.14 OK
r-patched-solaris-x86 2.1.2 248.50 OK
r-release-linux-x86_64 2.1.2 13.43 117.15 130.58 OK
r-release-macos-x86_64 2.1.2 OK
r-release-windows-ix86+x86_64 2.1.2 37.00 156.00 193.00 OK
r-oldrel-macos-x86_64 2.1.2 ERROR
r-oldrel-windows-ix86+x86_64 2.1.0 29.00 151.00 180.00 OK

Check Details

Version: 2.1.2
Check: whether package can be installed
Result: ERROR
    Installation failed.
Flavor: r-oldrel-macos-x86_64