Last updated on 2021-03-01 15:47:36 CET.
Flavor | Version | Tinstall | Tcheck | Ttotal | Status | Flags |
---|---|---|---|---|---|---|
r-devel-linux-x86_64-debian-clang | 0.0.1 | OK | ||||
r-devel-linux-x86_64-debian-gcc | 0.0.1 | 1.98 | 21.03 | 23.01 | OK | |
r-devel-linux-x86_64-fedora-clang | 0.0.1 | 45.05 | OK | |||
r-devel-linux-x86_64-fedora-gcc | 0.0.1 | 35.10 | OK | |||
r-devel-windows-ix86+x86_64 | 0.0.1 | 4.00 | 32.00 | 36.00 | OK | |
r-patched-linux-x86_64 | 0.0.1 | 2.38 | 25.79 | 28.17 | OK | |
r-patched-solaris-x86 | 0.0.1 | 51.00 | OK | |||
r-release-linux-x86_64 | 0.0.1 | 2.39 | 25.93 | 28.32 | OK | |
r-release-macos-x86_64 | 0.0.1 | OK | ||||
r-release-windows-ix86+x86_64 | 0.0.1 | 14.00 | 10.00 | 24.00 | ERROR | |
r-oldrel-macos-x86_64 | 0.0.1 | OK | ||||
r-oldrel-windows-ix86+x86_64 | 0.0.1 | 3.00 | 40.00 | 43.00 | OK |
Version: 0.0.1
Check: whether package can be installed
Result: ERROR
Installation failed.
Flavor: r-release-windows-ix86+x86_64