Last updated on 2021-02-28 19:48:07 CET.
Flavor | Version | Tinstall | Tcheck | Ttotal | Status | Flags |
---|---|---|---|---|---|---|
r-devel-linux-x86_64-debian-clang | 0.2.7 | OK | ||||
r-devel-linux-x86_64-debian-gcc | 0.2.7 | 56.65 | 152.48 | 209.13 | OK | |
r-devel-linux-x86_64-fedora-clang | 0.2.7 | 333.89 | NOTE | |||
r-devel-linux-x86_64-fedora-gcc | 0.2.7 | 305.83 | OK | |||
r-devel-windows-ix86+x86_64 | 0.2.7 | 133.00 | 259.00 | 392.00 | OK | |
r-patched-linux-x86_64 | 0.2.7 | 68.74 | 165.02 | 233.76 | OK | |
r-patched-solaris-x86 | 0.2.7 | 355.70 | OK | |||
r-release-linux-x86_64 | 0.2.7 | 65.93 | 164.31 | 230.24 | OK | |
r-release-macos-x86_64 | 0.2.7 | OK | ||||
r-release-windows-ix86+x86_64 | 0.2.7 | 191.00 | 322.00 | 513.00 | OK | |
r-oldrel-macos-x86_64 | 0.2.7 | OK | ||||
r-oldrel-windows-ix86+x86_64 | 0.2.7 | 119.00 | 281.00 | 400.00 | OK |
Version: 0.2.7
Check: package dependencies
Result: NOTE
Imports includes 23 non-default packages.
Importing from so many packages makes the package vulnerable to any of
them becoming unavailable. Move as many as possible to Suggests and
use conditionally.
Flavor: r-devel-linux-x86_64-fedora-clang