Last updated on 2023-02-08 23:57:18 CET.
Flavor | Version | Tinstall | Tcheck | Ttotal | Status | Flags |
---|---|---|---|---|---|---|
r-devel-linux-x86_64-debian-clang | 0.1.0 | 133.59 | 175.16 | 308.75 | NOTE | |
r-devel-linux-x86_64-debian-gcc | 0.1.0 | 113.19 | 167.86 | 281.05 | NOTE | |
r-devel-linux-x86_64-fedora-clang | 0.1.0 | 415.00 | NOTE | |||
r-devel-linux-x86_64-fedora-gcc | 0.1.0 | 505.33 | NOTE | |||
r-devel-windows-x86_64 | 0.1.0 | 110.00 | 286.00 | 396.00 | NOTE | |
r-patched-linux-x86_64 | 0.1.0 | 101.15 | 235.81 | 336.96 | NOTE | |
r-release-linux-x86_64 | 0.1.0 | 104.34 | 232.62 | 336.96 | NOTE | |
r-release-macos-arm64 | 0.1.0 | 140.00 | NOTE | |||
r-release-macos-x86_64 | 0.1.0 | 152.00 | NOTE | |||
r-release-windows-x86_64 | 0.1.0 | 108.00 | 302.00 | 410.00 | NOTE | |
r-oldrel-macos-arm64 | 0.1.0 | 104.00 | NOTE | |||
r-oldrel-macos-x86_64 | 0.1.0 | 150.00 | NOTE | |||
r-oldrel-windows-ix86+x86_64 | 0.1.0 | 295.00 | 629.00 | 924.00 | NOTE |
Version: 0.1.0
Check: C++ specification
Result: NOTE
Specified C++14: please update to current default of C++17
Flavors: r-devel-linux-x86_64-debian-clang, r-devel-windows-x86_64
Version: 0.1.0
Check: for GNU extensions in Makefiles
Result: NOTE
GNU make is a SystemRequirements.
Flavors: r-devel-linux-x86_64-debian-clang, r-devel-linux-x86_64-debian-gcc, r-devel-linux-x86_64-fedora-clang, r-devel-linux-x86_64-fedora-gcc, r-devel-windows-x86_64, r-patched-linux-x86_64, r-release-linux-x86_64, r-release-macos-arm64, r-release-macos-x86_64, r-release-windows-x86_64, r-oldrel-macos-arm64, r-oldrel-macos-x86_64, r-oldrel-windows-ix86+x86_64
Version: 0.1.0
Check: C++ specification
Result: NOTE
Specified C++14: please drop specification unless essential
Flavors: r-devel-linux-x86_64-debian-gcc, r-devel-linux-x86_64-fedora-clang, r-devel-linux-x86_64-fedora-gcc
Version: 0.1.0
Check: dependencies in R code
Result: NOTE
Namespaces in Imports field not imported from:
‘RcppParallel’ ‘rstantools’
All declared Imports should be used.
Flavors: r-devel-linux-x86_64-fedora-clang, r-devel-linux-x86_64-fedora-gcc
Version: 0.1.0
Check: installed package size
Result: NOTE
installed size is 33.3Mb
sub-directories of 1Mb or more:
libs 33.1Mb
Flavors: r-release-macos-arm64, r-release-macos-x86_64, r-oldrel-macos-arm64, r-oldrel-macos-x86_64