CRAN Package Check Results for Package pgraph

Last updated on 2021-07-25 19:51:41 CEST.

Flavor Version Tinstall Tcheck Ttotal Status Flags
r-devel-linux-x86_64-debian-clang 1.6 7.12 69.78 76.90 NOTE
r-devel-linux-x86_64-debian-gcc 1.6 6.17 52.88 59.05 NOTE
r-devel-linux-x86_64-fedora-clang 1.6 101.89 NOTE
r-devel-windows-x86_64 1.6 12.00 94.00 106.00 NOTE
r-devel-windows-x86_64-gcc10-UCRT 1.6 NOTE
r-patched-linux-x86_64 1.6 7.81 68.92 76.73 NOTE
r-patched-solaris-x86 1.6 139.70 NOTE
r-release-linux-x86_64 1.6 8.09 66.73 74.82 NOTE
r-release-macos-arm64 1.6 NOTE
r-release-macos-x86_64 1.6 NOTE
r-release-windows-ix86+x86_64 1.6 17.00 66.00 83.00 NOTE
r-oldrel-macos-x86_64 1.6 OK
r-oldrel-windows-ix86+x86_64 1.6 15.00 89.00 104.00 OK

Check Details

Version: 1.6
Check: LazyData
Result: NOTE
     'LazyData' is specified without a 'data' directory
Flavors: r-devel-linux-x86_64-debian-clang, r-devel-linux-x86_64-debian-gcc, r-devel-linux-x86_64-fedora-clang, r-devel-windows-x86_64, r-devel-windows-x86_64-gcc10-UCRT, r-patched-linux-x86_64, r-patched-solaris-x86, r-release-linux-x86_64, r-release-macos-arm64, r-release-macos-x86_64, r-release-windows-ix86+x86_64