CRAN Package Check Results for Package pfica

Last updated on 2021-06-16 19:49:54 CEST.

Flavor Version Tinstall Tcheck Ttotal Status Flags
r-devel-linux-x86_64-debian-clang 0.1.2 9.03 72.34 81.37 OK
r-devel-linux-x86_64-debian-gcc 0.1.2 7.07 55.42 62.49 OK
r-devel-linux-x86_64-fedora-clang 0.1.2 104.54 OK
r-devel-linux-x86_64-fedora-gcc 0.1.2 94.48 OK
r-devel-windows-x86_64 0.1.2 13.00 80.00 93.00 OK
r-devel-windows-x86_64-gcc10-UCRT 0.1.2 OK
r-patched-linux-x86_64 0.1.2 8.17 69.40 77.57 OK
r-patched-solaris-x86 0.1.2 144.00 OK
r-release-linux-x86_64 0.1.2 8.18 69.17 77.35 OK
r-release-macos-arm64 0.1.1 NOTE
r-release-macos-x86_64 0.1.2 OK
r-release-windows-ix86+x86_64 0.1.2 19.00 68.00 87.00 OK
r-oldrel-macos-x86_64 0.1.2 OK
r-oldrel-windows-ix86+x86_64 0.1.2 15.00 93.00 108.00 OK

Check Details

Version: 0.1.1
Check: LazyData
Result: NOTE
     'LazyData' is specified without a 'data' directory
Flavor: r-release-macos-arm64