CRAN Package Check Results for Package pestr

Last updated on 2021-06-21 11:52:14 CEST.

Flavor Version Tinstall Tcheck Ttotal Status Flags
r-devel-linux-x86_64-debian-clang 0.8.2 2.98 40.02 43.00 NOTE
r-devel-linux-x86_64-debian-gcc 0.8.2 2.38 30.83 33.21 NOTE
r-devel-linux-x86_64-fedora-clang 0.8.2 60.39 NOTE
r-devel-linux-x86_64-fedora-gcc 0.8.2 50.50 NOTE
r-devel-windows-x86_64 0.8.2 5.00 53.00 58.00 NOTE
r-devel-windows-x86_64-gcc10-UCRT 0.8.2 ERROR
r-patched-linux-x86_64 0.8.2 3.19 38.56 41.75 NOTE
r-patched-solaris-x86 0.8.2 72.10 NOTE
r-release-linux-x86_64 0.8.2 2.48 38.23 40.71 NOTE
r-release-macos-arm64 0.8.2 NOTE
r-release-macos-x86_64 0.8.2 NOTE
r-release-windows-ix86+x86_64 0.8.2 7.00 59.00 66.00 NOTE
r-oldrel-macos-x86_64 0.8.2 OK

Check Details

Version: 0.8.2
Check: LazyData
Result: NOTE
     'LazyData' is specified without a 'data' directory
Flavors: r-devel-linux-x86_64-debian-clang, r-devel-linux-x86_64-debian-gcc, r-devel-linux-x86_64-fedora-clang, r-devel-linux-x86_64-fedora-gcc, r-devel-windows-x86_64, r-patched-linux-x86_64, r-patched-solaris-x86, r-release-linux-x86_64, r-release-macos-arm64, r-release-macos-x86_64, r-release-windows-ix86+x86_64

Version: 0.8.2
Check: package dependencies
Result: ERROR
    Packages required but not available: 'curl', 'httr'
    
    See section 'The DESCRIPTION file' in the 'Writing R Extensions'
    manual.
Flavor: r-devel-windows-x86_64-gcc10-UCRT