CRAN Package Check Results for Package pestr

Last updated on 2021-11-30 19:51:31 CET.

Flavor Version Tinstall Tcheck Ttotal Status Flags
r-devel-linux-x86_64-debian-clang 0.8.2 3.32 37.93 41.25 NOTE
r-devel-linux-x86_64-debian-gcc 0.8.2 2.28 29.24 31.52 NOTE
r-devel-linux-x86_64-fedora-clang 0.8.2 60.77 NOTE
r-devel-linux-x86_64-fedora-gcc 0.8.2 49.62 NOTE
r-devel-windows-x86_64-new-UL 0.8.2 11.00 82.00 93.00 NOTE
r-devel-windows-x86_64-new-TK 0.8.2 NOTE
r-devel-windows-x86_64-old 0.8.2 8.00 43.00 51.00 NOTE
r-patched-linux-x86_64 0.8.2 2.37 37.43 39.80 NOTE
r-patched-solaris-x86 0.8.2 70.10 NOTE
r-release-linux-x86_64 0.8.2 3.00 38.99 41.99 NOTE
r-release-macos-arm64 0.8.2 NOTE
r-release-macos-x86_64 0.8.2 NOTE
r-release-windows-ix86+x86_64 0.8.2 7.00 41.00 48.00 NOTE
r-oldrel-macos-x86_64 0.8.2 OK
r-oldrel-windows-ix86+x86_64 0.8.2 5.00 45.00 50.00 OK

Check Details

Version: 0.8.2
Check: LazyData
Result: NOTE
     'LazyData' is specified without a 'data' directory
Flavors: r-devel-linux-x86_64-debian-clang, r-devel-linux-x86_64-debian-gcc, r-devel-linux-x86_64-fedora-clang, r-devel-linux-x86_64-fedora-gcc, r-devel-windows-x86_64-new-UL, r-devel-windows-x86_64-new-TK, r-devel-windows-x86_64-old, r-patched-linux-x86_64, r-patched-solaris-x86, r-release-linux-x86_64, r-release-macos-arm64, r-release-macos-x86_64, r-release-windows-ix86+x86_64