CRAN Package Check Results for Package perry

Last updated on 2021-04-20 19:53:25 CEST.

Flavor Version Tinstall Tcheck Ttotal Status Flags
r-devel-linux-x86_64-debian-clang 0.2.0 7.19 80.57 87.76 NOTE
r-devel-linux-x86_64-debian-gcc 0.2.0 4.84 59.50 64.34 NOTE
r-devel-linux-x86_64-fedora-clang 0.2.0 114.93 NOTE
r-devel-linux-x86_64-fedora-gcc 0.2.0 98.77 NOTE
r-devel-windows-ix86+x86_64 0.2.0 14.00 75.00 89.00 NOTE
r-devel-windows-x86_64-gcc10-UCRT 0.2.0 NOTE
r-patched-linux-x86_64 0.2.0 12.68 73.81 86.49 WARN
r-patched-solaris-x86 0.2.0 139.20 NOTE
r-release-linux-x86_64 0.2.0 6.90 73.66 80.56 NOTE
r-release-macos-x86_64 0.2.0 NOTE
r-release-windows-ix86+x86_64 0.2.0 15.00 83.00 98.00 NOTE
r-oldrel-macos-x86_64 0.2.0 NOTE
r-oldrel-windows-ix86+x86_64 0.2.0 25.00 94.00 119.00 NOTE

Check Details

Version: 0.2.0
Check: R code for possible problems
Result: NOTE
    hasMethod: no visible global function definition for 'getS3method'
    Undefined global functions or variables:
     getS3method
    Consider adding
     importFrom("utils", "getS3method")
    to your NAMESPACE file.
Flavors: r-devel-linux-x86_64-debian-clang, r-devel-linux-x86_64-debian-gcc, r-devel-linux-x86_64-fedora-clang, r-devel-linux-x86_64-fedora-gcc, r-devel-windows-ix86+x86_64, r-devel-windows-x86_64-gcc10-UCRT, r-patched-linux-x86_64, r-patched-solaris-x86, r-release-linux-x86_64, r-release-macos-x86_64, r-release-windows-ix86+x86_64, r-oldrel-macos-x86_64, r-oldrel-windows-ix86+x86_64

Version: 0.2.0
Check: whether package can be installed
Result: WARN
    Found the following significant warnings:
     Rd warning: /tmp/Rtmpi4d86n/R.INSTALL76284ec1c6d8/perry/man/perryPlot.Rd:89: file link ‘geom_pointrange’ in package ‘ggplot2’ does not exist and so has been treated as a topic
     Rd warning: /tmp/Rtmpi4d86n/R.INSTALL76284ec1c6d8/perry/man/perryPlot.Rd:90: file link ‘geom_line’ in package ‘ggplot2’ does not exist and so has been treated as a topic
     Rd warning: /tmp/Rtmpi4d86n/R.INSTALL76284ec1c6d8/perry/man/perryPlot.Rd:156: file link ‘plot’ in package ‘graphics’ does not exist and so has been treated as a topic
Flavor: r-patched-linux-x86_64