CRAN Package Check Results for Package permutations

Last updated on 2024-06-14 05:00:29 CEST.

Flavor Version Tinstall Tcheck Ttotal Status Flags
r-devel-linux-x86_64-debian-clang 1.1-2 10.64 147.67 158.31 OK
r-devel-linux-x86_64-debian-gcc 1.1-2 8.87 102.23 111.10 ERROR
r-devel-linux-x86_64-fedora-clang 1.1-2 201.75 OK
r-devel-linux-x86_64-fedora-gcc 1.1-2 201.00 OK
r-devel-windows-x86_64 1.1-2 11.00 154.00 165.00 OK
r-patched-linux-x86_64 1.1-2 11.56 139.43 150.99 OK
r-release-linux-x86_64 1.1-2 10.14 139.66 149.80 OK
r-release-macos-arm64 1.1-2 63.00 OK
r-release-macos-x86_64 1.1-2 111.00 OK
r-release-windows-x86_64 1.1-2 12.00 148.00 160.00 OK
r-oldrel-macos-arm64 1.1-2 73.00 OK
r-oldrel-macos-x86_64 1.1-2 118.00 OK
r-oldrel-windows-x86_64 1.1-2 15.00 162.00 177.00 OK

Check Details

Version: 1.1-2
Check: package dependencies
Result: NOTE Package suggested but not available for checking: ‘testthat’ Flavor: r-devel-linux-x86_64-debian-gcc

Version: 1.1-2
Check: tests
Result: ERROR Running ‘testthat.R’ [0s/1s] Running the tests in ‘tests/testthat.R’ failed. Complete output: > library("testthat") Error in library("testthat") : there is no package called 'testthat' Execution halted Flavor: r-devel-linux-x86_64-debian-gcc