CRAN Package Check Results for Package permGS

Last updated on 2021-04-20 23:47:52 CEST.

Flavor Version Tinstall Tcheck Ttotal Status Flags
r-devel-linux-x86_64-debian-clang 0.2.5 9.39 80.68 90.07 NOTE
r-devel-linux-x86_64-debian-gcc 0.2.5 6.48 62.33 68.81 NOTE
r-devel-linux-x86_64-fedora-clang 0.2.5 124.40 NOTE
r-devel-linux-x86_64-fedora-gcc 0.2.5 105.50 NOTE
r-devel-windows-ix86+x86_64 0.2.5 19.00 75.00 94.00 NOTE
r-devel-windows-x86_64-gcc10-UCRT 0.2.5 NOTE
r-patched-linux-x86_64 0.2.5 9.81 77.08 86.89 OK
r-patched-solaris-x86 0.2.5 160.40 OK
r-release-linux-x86_64 0.2.5 9.51 76.42 85.93 OK
r-release-macos-x86_64 0.2.5 OK
r-release-windows-ix86+x86_64 0.2.5 19.00 92.00 111.00 OK
r-oldrel-macos-x86_64 0.2.5 OK
r-oldrel-windows-ix86+x86_64 0.2.5 36.00 95.00 131.00 OK

Check Details

Version: 0.2.5
Check: LazyData
Result: NOTE
     'LazyData' is specified without a 'data' directory
Flavors: r-devel-linux-x86_64-debian-clang, r-devel-linux-x86_64-debian-gcc, r-devel-linux-x86_64-fedora-clang, r-devel-linux-x86_64-fedora-gcc, r-devel-windows-ix86+x86_64, r-devel-windows-x86_64-gcc10-UCRT