Last updated on 2023-02-06 11:56:15 CET.
Flavor | Version | Tinstall | Tcheck | Ttotal | Status | Flags |
---|---|---|---|---|---|---|
r-devel-linux-x86_64-debian-clang | 0.1.1 | 4.43 | 49.46 | 53.89 | OK | |
r-devel-linux-x86_64-debian-gcc | 0.1.1 | 3.15 | 36.15 | 39.30 | OK | |
r-devel-linux-x86_64-fedora-clang | 0.1.1 | 74.36 | NOTE | |||
r-devel-linux-x86_64-fedora-gcc | 0.1.1 | 64.85 | NOTE | |||
r-devel-windows-x86_64 | 0.1.1 | 14.00 | 76.00 | 90.00 | OK | |
r-patched-linux-x86_64 | 0.1.1 | 5.55 | 48.13 | 53.68 | OK | |
r-release-linux-x86_64 | 0.1.1 | 5.66 | 47.12 | 52.78 | OK | |
r-release-macos-arm64 | 0.1.1 | 27.00 | OK | |||
r-release-macos-x86_64 | 0.1.1 | 35.00 | NOTE | |||
r-release-windows-x86_64 | 0.1.1 | 14.00 | 85.00 | 99.00 | OK |
Version: 0.1.1
Check: data for non-ASCII characters
Result: NOTE
Note: found 4 marked UTF-8 strings
Flavors: r-devel-linux-x86_64-fedora-clang, r-devel-linux-x86_64-fedora-gcc, r-release-macos-x86_64