CRAN Package Check Results for Package peramo

Last updated on 2024-06-13 12:49:53 CEST.

Flavor Version Tinstall Tcheck Ttotal Status Flags
r-devel-linux-x86_64-debian-clang 0.1.3 14.07 119.34 133.41 OK
r-devel-linux-x86_64-debian-gcc 0.1.3 0.37 1.57 1.94 ERROR
r-devel-linux-x86_64-fedora-clang 0.1.3 167.86 NOTE
r-devel-linux-x86_64-fedora-gcc 0.1.3 154.17 NOTE
r-devel-windows-x86_64 0.1.3 12.00 102.00 114.00 OK
r-patched-linux-x86_64 0.1.3 15.78 110.31 126.09 OK
r-release-linux-x86_64 0.1.3 11.63 113.67 125.30 OK
r-release-macos-arm64 0.1.3 47.00 OK
r-release-macos-x86_64 0.1.3 66.00 OK
r-release-windows-x86_64 0.1.3 12.00 102.00 114.00 OK
r-oldrel-macos-arm64 0.1.3 47.00 OK
r-oldrel-macos-x86_64 0.1.3 112.00 OK
r-oldrel-windows-x86_64 0.1.3 16.00 121.00 137.00 OK

Check Details

Version: 0.1.3
Check: package dependencies
Result: ERROR Packages required but not available: 'dplyr', 'lme4' See section ‘The DESCRIPTION file’ in the ‘Writing R Extensions’ manual. Flavor: r-devel-linux-x86_64-debian-gcc

Version: 0.1.3
Check: data for non-ASCII characters
Result: NOTE Note: found 4 marked UTF-8 strings Flavors: r-devel-linux-x86_64-fedora-clang, r-devel-linux-x86_64-fedora-gcc