CRAN Package Check Results for Package perARMA

Last updated on 2021-06-17 15:49:15 CEST.

Flavor Version Tinstall Tcheck Ttotal Status Flags
r-devel-linux-x86_64-debian-clang 1.6 6.51 51.05 57.56 NOTE
r-devel-linux-x86_64-debian-gcc 1.6 4.95 38.15 43.10 NOTE
r-devel-linux-x86_64-fedora-clang 1.6 77.02 NOTE
r-devel-linux-x86_64-fedora-gcc 1.6 66.36 NOTE
r-devel-windows-x86_64 1.6 10.00 51.00 61.00 OK
r-devel-windows-x86_64-gcc10-UCRT 1.6 OK
r-patched-linux-x86_64 1.6 6.30 49.13 55.43 NOTE
r-patched-solaris-x86 1.6 88.00 NOTE
r-release-linux-x86_64 1.6 6.51 48.26 54.77 NOTE
r-release-macos-arm64 1.6 OK
r-release-macos-x86_64 1.6 OK
r-release-windows-ix86+x86_64 1.6 12.00 48.00 60.00 OK
r-oldrel-macos-x86_64 1.6 OK
r-oldrel-windows-ix86+x86_64 1.6 9.00 65.00 74.00 OK

Check Details

Version: 1.6
Check: for non-standard things in the check directory
Result: NOTE
    Found the following files/directories:
     'PARMA21del1_ident'
Flavors: r-devel-linux-x86_64-debian-clang, r-devel-linux-x86_64-debian-gcc, r-devel-linux-x86_64-fedora-clang, r-devel-linux-x86_64-fedora-gcc, r-patched-linux-x86_64, r-patched-solaris-x86, r-release-linux-x86_64