CRAN Package Check Results for Package pense

Last updated on 2021-12-09 07:50:20 CET.

Flavor Version Tinstall Tcheck Ttotal Status Flags
r-devel-linux-x86_64-debian-clang 2.1.0 428.18 150.61 578.79 OK
r-devel-linux-x86_64-debian-gcc 2.1.0 320.90 109.52 430.42 OK
r-devel-linux-x86_64-fedora-clang 2.1.0 863.51 NOTE
r-devel-linux-x86_64-fedora-gcc 2.1.0 817.33 OK
r-devel-windows-x86_64-new-UL 2.1.0 450.00 250.00 700.00 OK
r-devel-windows-x86_64-new-TK 2.1.0 OK
r-devel-windows-x86_64-old 2.1.0 455.00 177.00 632.00 OK
r-patched-linux-x86_64 2.1.0 371.33 154.25 525.58 OK
r-release-linux-x86_64 2.1.0 392.36 153.74 546.10 OK
r-release-macos-arm64 2.1.0 NOTE
r-release-macos-x86_64 2.1.0 NOTE
r-release-windows-ix86+x86_64 2.1.0 652.00 334.00 986.00 NOTE
r-oldrel-macos-x86_64 2.1.0 NOTE
r-oldrel-windows-ix86+x86_64 2.1.0 914.00 330.00 1244.00 NOTE

Check Details

Version: 2.1.0
Check: installed package size
Result: NOTE
     installed size is 43.8Mb
     sub-directories of 1Mb or more:
     libs 42.6Mb
Flavors: r-devel-linux-x86_64-fedora-clang, r-release-macos-arm64, r-release-macos-x86_64, r-release-windows-ix86+x86_64, r-oldrel-macos-x86_64, r-oldrel-windows-ix86+x86_64