CRAN Package Check Results for Package penppml

Last updated on 2021-12-07 23:54:38 CET.

Flavor Version Tinstall Tcheck Ttotal Status Flags
r-devel-linux-x86_64-debian-clang 0.1.0 38.15 94.46 132.61 OK
r-devel-linux-x86_64-debian-gcc 0.1.0 24.83 76.61 101.44 OK
r-devel-linux-x86_64-fedora-clang 0.1.0 174.79 NOTE
r-devel-linux-x86_64-fedora-gcc 0.1.0 160.31 NOTE
r-devel-windows-x86_64-new-UL 0.1.0 52.00 174.00 226.00 OK
r-devel-windows-x86_64-new-TK 0.1.0 NOTE
r-devel-windows-x86_64-old 0.1.0 47.00 94.00 141.00 OK
r-patched-linux-x86_64 0.1.0 34.14 95.81 129.95 OK
r-release-linux-x86_64 0.1.0 31.37 94.37 125.74 OK
r-release-macos-arm64 0.1.0 NOTE
r-release-macos-x86_64 0.1.0 NOTE
r-release-windows-ix86+x86_64 0.1.0 59.00 163.00 222.00 OK
r-oldrel-macos-x86_64 0.1.0 NOTE
r-oldrel-windows-ix86+x86_64 0.1.0 86.00 162.00 248.00 OK

Additional issues

noLD

Check Details

Version: 0.1.0
Check: installed package size
Result: NOTE
     installed size is 8.4Mb
     sub-directories of 1Mb or more:
     data 1.5Mb
     libs 6.5Mb
Flavors: r-devel-linux-x86_64-fedora-clang, r-release-macos-arm64, r-release-macos-x86_64, r-oldrel-macos-x86_64

Version: 0.1.0
Check: dependencies in R code
Result: NOTE
    Namespaces in Imports field not imported from:
     ‘ncvreg’ ‘tidyr’
     All declared Imports should be used.
Flavors: r-devel-linux-x86_64-fedora-clang, r-devel-linux-x86_64-fedora-gcc, r-devel-windows-x86_64-new-TK, r-release-macos-arm64, r-release-macos-x86_64, r-oldrel-macos-x86_64

Version: 0.1.0
Check: data for non-ASCII characters
Result: NOTE
     Note: found 2793 marked UTF-8 strings
Flavors: r-devel-linux-x86_64-fedora-clang, r-devel-linux-x86_64-fedora-gcc, r-devel-windows-x86_64-new-TK, r-release-macos-arm64, r-release-macos-x86_64, r-oldrel-macos-x86_64