CRAN Package Check Results for Package pedometrics

Last updated on 2024-04-21 00:57:35 CEST.

Flavor Version Tinstall Tcheck Ttotal Status Flags
r-devel-linux-x86_64-debian-clang 0.12.1 22.14 54.23 76.37 NOTE
r-devel-linux-x86_64-debian-gcc 0.12.1 15.77 39.50 55.27 NOTE
r-devel-linux-x86_64-fedora-clang 0.12.1 100.97 NOTE
r-devel-linux-x86_64-fedora-gcc 0.12.1 100.93 NOTE
r-prerel-macos-arm64 0.12.1 28.00 NOTE
r-prerel-windows-x86_64 0.12.1 22.00 78.00 100.00 NOTE
r-patched-linux-x86_64 0.12.1 18.60 52.17 70.77 NOTE
r-release-linux-x86_64 0.12.1 22.17 50.88 73.05 OK
r-release-macos-arm64 0.12.1 31.00 NOTE
r-release-macos-x86_64 0.12.1 46.00 NOTE
r-release-windows-x86_64 0.12.1 24.00 90.00 114.00 OK
r-oldrel-macos-arm64 0.12.1 25.00 OK
r-oldrel-windows-x86_64 0.12.1 24.00 88.00 112.00 OK

Check Details

Version: 0.12.1
Check: Rd files
Result: NOTE checkRd: (-1) variogramGuess.Rd:94: Lost braces 94 | Method \code{"b"} was proposed by \doi{10.1016/0098-3004(95)00095-X}{Jian et al. (1996)} and | ^ checkRd: (-1) variogramGuess.Rd:98: Lost braces 98 | \doi{10.1016/j.cageo.2008.10.011}{Hiemstra et al. (2009)}. | ^ checkRd: (-1) variogramGuess.Rd:100: Lost braces 100 | Method \code{"d"} was developed by \doi{10.1007/s11004-012-9434-1}{Desassis & Renard (2012)}. | ^ Flavors: r-devel-linux-x86_64-debian-clang, r-devel-linux-x86_64-debian-gcc, r-devel-linux-x86_64-fedora-clang, r-devel-linux-x86_64-fedora-gcc, r-prerel-macos-arm64, r-prerel-windows-x86_64, r-patched-linux-x86_64

Version: 0.12.1
Check: package dependencies
Result: NOTE Package suggested but not available for checking: ‘georob’ Flavor: r-release-macos-arm64

Version: 0.12.1
Check: package dependencies
Result: NOTE Packages suggested but not available for checking: 'car', 'fields', 'georob', 'gstat' Flavor: r-release-macos-x86_64

Version: 0.12.1
Check: Rd cross-references
Result: NOTE Packages unavailable to check Rd xrefs: ‘fields’, ‘gstat’, ‘car’ Flavor: r-release-macos-x86_64