Last updated on 2023-03-23 19:50:22 CET.
Flavor | Version | Tinstall | Tcheck | Ttotal | Status | Flags |
---|---|---|---|---|---|---|
r-devel-linux-x86_64-debian-clang | 0.12.1 | 21.57 | 52.04 | 73.61 | NOTE | |
r-devel-linux-x86_64-debian-gcc | 0.12.1 | 16.39 | 39.67 | 56.06 | NOTE | |
r-devel-linux-x86_64-fedora-clang | 0.12.1 | 105.16 | NOTE | |||
r-devel-linux-x86_64-fedora-gcc | 0.12.1 | 93.70 | NOTE | |||
r-patched-linux-x86_64 | 0.12.1 | 16.85 | 48.73 | 65.58 | NOTE | |
r-release-linux-x86_64 | 0.12.1 | 19.33 | 48.78 | 68.11 | NOTE | |
r-release-macos-arm64 | 0.12.1 | 25.00 | OK | |||
r-release-macos-x86_64 | 0.12.1 | 40.00 | OK | |||
r-release-windows-x86_64 | 0.12.1 | 278.00 | 145.00 | 423.00 | OK | |
r-oldrel-macos-arm64 | 0.12.1 | 23.00 | OK | |||
r-oldrel-macos-x86_64 | 0.12.1 | 41.00 | OK | |||
r-oldrel-windows-ix86+x86_64 | 0.12.1 | 50.00 | 143.00 | 193.00 | OK |
Version: 0.12.1
Check: package dependencies
Result: NOTE
Package suggested but not available for checking: ‘georob’
Flavors: r-devel-linux-x86_64-debian-clang, r-devel-linux-x86_64-debian-gcc, r-devel-linux-x86_64-fedora-clang, r-devel-linux-x86_64-fedora-gcc, r-patched-linux-x86_64, r-release-linux-x86_64