CRAN Package Check Results for Package pdynmc

Last updated on 2021-03-02 15:48:09 CET.

Flavor Version Tinstall Tcheck Ttotal Status Flags
r-devel-linux-x86_64-debian-clang 0.9.3 OK
r-devel-linux-x86_64-debian-gcc 0.9.3 10.27 95.22 105.49 OK
r-devel-linux-x86_64-fedora-clang 0.9.3 187.94 OK
r-devel-linux-x86_64-fedora-gcc 0.9.3 171.45 OK
r-devel-windows-ix86+x86_64 0.9.3 19.00 119.00 138.00 OK
r-patched-linux-x86_64 0.9.3 14.59 119.79 134.38 OK
r-patched-solaris-x86 0.9.3 225.20 OK
r-release-linux-x86_64 0.9.3 11.89 119.31 131.20 OK
r-release-macos-x86_64 0.9.3 OK
r-release-windows-ix86+x86_64 0.9.3 24.00 19.00 43.00 ERROR
r-oldrel-macos-x86_64 0.9.3 OK
r-oldrel-windows-ix86+x86_64 0.9.3 16.00 162.00 178.00 OK

Check Details

Version: 0.9.3
Check: whether package can be installed
Result: ERROR
    Installation failed.
Flavor: r-release-windows-ix86+x86_64