CRAN Package Check Results for Package pdfminer

Last updated on 2024-07-24 15:51:44 CEST.

Flavor Version Tinstall Tcheck Ttotal Status Flags
r-devel-linux-x86_64-debian-clang 1.0 2.09 27.47 29.56 NOTE
r-devel-linux-x86_64-debian-gcc 1.0 1.50 21.37 22.87 NOTE
r-devel-linux-x86_64-fedora-clang 1.0 39.55 NOTE
r-devel-linux-x86_64-fedora-gcc 1.0 37.22 NOTE
r-devel-windows-x86_64 1.0 2.00 48.00 50.00 NOTE
r-patched-linux-x86_64 1.0 2.02 26.71 28.73 NOTE
r-release-linux-x86_64 1.0 1.97 26.54 28.51 NOTE
r-release-macos-arm64 1.0 17.00 NOTE
r-release-macos-x86_64 1.0 24.00 NOTE
r-release-windows-x86_64 1.0 2.00 48.00 50.00 NOTE
r-oldrel-macos-arm64 1.0 18.00 NOTE
r-oldrel-macos-x86_64 1.0 23.00 NOTE
r-oldrel-windows-x86_64 1.0 3.00 47.00 50.00 NOTE

Check Details

Version: 1.0
Check: package dependencies
Result: NOTE Package suggested but not available for checking: ‘PythonInR’ Flavors: r-devel-linux-x86_64-debian-clang, r-devel-linux-x86_64-debian-gcc, r-devel-linux-x86_64-fedora-clang, r-devel-linux-x86_64-fedora-gcc, r-devel-windows-x86_64, r-patched-linux-x86_64, r-release-linux-x86_64, r-release-macos-arm64, r-release-macos-x86_64, r-release-windows-x86_64, r-oldrel-macos-arm64, r-oldrel-macos-x86_64, r-oldrel-windows-x86_64