CRAN Package Check Results for Package pdSpecEst

Last updated on 2021-11-28 07:50:51 CET.

Flavor Version Tinstall Tcheck Ttotal Status Flags
r-devel-linux-x86_64-debian-clang 1.2.4 NOTE
r-devel-linux-x86_64-debian-gcc 1.2.4 71.14 61.21 132.35 NOTE
r-devel-linux-x86_64-fedora-clang 1.2.4 267.82 NOTE
r-devel-linux-x86_64-fedora-gcc 1.2.4 238.00 NOTE
r-devel-windows-x86_64-new-UL 1.2.4 124.00 165.00 289.00 NOTE
r-devel-windows-x86_64-new-TK 1.2.4 NOTE
r-devel-windows-x86_64-old 1.2.4 98.00 126.00 224.00 NOTE
r-patched-linux-x86_64 1.2.4 80.34 81.92 162.26 NOTE
r-patched-solaris-x86 1.2.4 205.70 NOTE
r-release-linux-x86_64 1.2.4 83.47 81.85 165.32 NOTE
r-release-macos-arm64 1.2.4 NOTE
r-release-macos-x86_64 1.2.4 NOTE
r-release-windows-ix86+x86_64 1.2.4 228.00 107.00 335.00 NOTE
r-oldrel-macos-x86_64 1.2.4 NOTE
r-oldrel-windows-ix86+x86_64 1.2.4 183.00 147.00 330.00 OK

Check Details

Version: 1.2.4
Check: LazyData
Result: NOTE
     'LazyData' is specified without a 'data' directory
Flavors: r-devel-linux-x86_64-debian-clang, r-devel-linux-x86_64-debian-gcc, r-devel-linux-x86_64-fedora-clang, r-devel-linux-x86_64-fedora-gcc, r-devel-windows-x86_64-new-UL, r-devel-windows-x86_64-new-TK, r-devel-windows-x86_64-old, r-patched-linux-x86_64, r-patched-solaris-x86, r-release-linux-x86_64, r-release-macos-arm64, r-release-macos-x86_64, r-release-windows-ix86+x86_64

Version: 1.2.4
Check: installed package size
Result: NOTE
     installed size is 6.4Mb
     sub-directories of 1Mb or more:
     libs 5.4Mb
Flavors: r-devel-linux-x86_64-fedora-clang, r-release-macos-arm64, r-release-macos-x86_64, r-oldrel-macos-x86_64