CRAN Package Check Results for Package pcmabc

Last updated on 2024-06-15 00:54:13 CEST.

Flavor Version Tinstall Tcheck Ttotal Status Flags
r-devel-linux-x86_64-debian-clang 1.1.3 17.06 129.92 146.98 NOTE
r-devel-linux-x86_64-debian-gcc 1.1.3 12.42 93.85 106.27 NOTE
r-devel-linux-x86_64-fedora-clang 1.1.3 188.30 NOTE
r-devel-linux-x86_64-fedora-gcc 1.1.3 175.68 NOTE
r-devel-windows-x86_64 1.1.3 14.00 101.00 115.00 NOTE
r-patched-linux-x86_64 1.1.3 12.39 118.89 131.28 NOTE
r-release-linux-x86_64 1.1.3 9.76 122.87 132.63 NOTE
r-release-macos-arm64 1.1.3 42.00 NOTE
r-release-macos-x86_64 1.1.3 135.00 NOTE
r-release-windows-x86_64 1.1.3 15.00 103.00 118.00 NOTE
r-oldrel-macos-arm64 1.1.3 47.00 OK
r-oldrel-macos-x86_64 1.1.3 82.00 OK
r-oldrel-windows-x86_64 1.1.3 19.00 125.00 144.00 OK

Check Details

Version: 1.1.3
Check: Rd files
Result: NOTE checkRd: (-1) PCM_ABC.Rd:106: Lost braces in \itemize; meant \describe ? checkRd: (-1) PCM_ABC.Rd:108-109: Lost braces in \itemize; meant \describe ? checkRd: (-1) PCM_ABC.Rd:114: Lost braces in \itemize; meant \describe ? checkRd: (-1) PCM_ABC.Rd:115: Lost braces in \itemize; meant \describe ? checkRd: (-1) PCM_ABC.Rd:117: Lost braces in \itemize; meant \describe ? checkRd: (-1) PCM_ABC.Rd:205-207: Lost braces in \itemize; meant \describe ? checkRd: (-1) PCM_ABC.Rd:208-211: Lost braces in \itemize; meant \describe ? checkRd: (-1) PCM_ABC.Rd:212-216: Lost braces in \itemize; meant \describe ? checkRd: (-1) PCM_ABC.Rd:221-224: Lost braces in \itemize; meant \describe ? checkRd: (-1) PCM_ABC.Rd:225-228: Lost braces in \itemize; meant \describe ? checkRd: (-1) PCM_ABC.Rd:229-231: Lost braces in \itemize; meant \describe ? checkRd: (-1) PCM_ABC.Rd:232: Lost braces in \itemize; meant \describe ? checkRd: (-1) PCM_ABC.Rd:233: Lost braces in \itemize; meant \describe ? checkRd: (-1) PCM_ABC.Rd:234: Lost braces in \itemize; meant \describe ? checkRd: (-1) PCM_ABC.Rd:235: Lost braces in \itemize; meant \describe ? checkRd: (-1) PCM_ABC.Rd:236: Lost braces in \itemize; meant \describe ? checkRd: (-1) PCM_ABC.Rd:237: Lost braces in \itemize; meant \describe ? checkRd: (-1) PCM_ABC.Rd:238: Lost braces in \itemize; meant \describe ? checkRd: (-1) PCM_ABC.Rd:239: Lost braces in \itemize; meant \describe ? checkRd: (-1) PCM_ABC.Rd:240: Lost braces in \itemize; meant \describe ? checkRd: (-1) simulate_phylproc.Rd:56: Lost braces in \itemize; meant \describe ? checkRd: (-1) simulate_phylproc.Rd:58-59: Lost braces in \itemize; meant \describe ? checkRd: (-1) simulate_phylproc.Rd:64: Lost braces in \itemize; meant \describe ? checkRd: (-1) simulate_phylproc.Rd:65: Lost braces in \itemize; meant \describe ? checkRd: (-1) simulate_phylproc.Rd:67: Lost braces in \itemize; meant \describe ? Flavors: r-devel-linux-x86_64-debian-clang, r-devel-linux-x86_64-debian-gcc, r-devel-linux-x86_64-fedora-clang, r-devel-linux-x86_64-fedora-gcc, r-devel-windows-x86_64, r-patched-linux-x86_64, r-release-linux-x86_64, r-release-macos-arm64, r-release-macos-x86_64, r-release-windows-x86_64