CRAN Package Check Results for Package pcLasso

Last updated on 2024-07-20 08:49:48 CEST.

Flavor Version Tinstall Tcheck Ttotal Status Flags
r-devel-linux-x86_64-debian-clang 1.2 3.99 35.66 39.65 NOTE
r-devel-linux-x86_64-debian-gcc 1.2 2.98 27.69 30.67 NOTE
r-devel-linux-x86_64-fedora-clang 1.2 53.47 NOTE
r-devel-linux-x86_64-fedora-gcc 1.2 64.07 NOTE
r-devel-windows-x86_64 1.2 7.00 53.00 60.00 NOTE
r-patched-linux-x86_64 1.2 4.65 34.32 38.97 NOTE
r-release-linux-x86_64 1.2 3.60 34.03 37.63 NOTE
r-release-macos-arm64 1.2 27.00 NOTE
r-release-macos-x86_64 1.2 36.00 NOTE
r-release-windows-x86_64 1.2 7.00 51.00 58.00 NOTE
r-oldrel-macos-arm64 1.2 27.00 NOTE
r-oldrel-macos-x86_64 1.2 35.00 NOTE
r-oldrel-windows-x86_64 1.2 7.00 54.00 61.00 NOTE

Check Details

Version: 1.2
Check: LazyData
Result: NOTE 'LazyData' is specified without a 'data' directory Flavors: r-devel-linux-x86_64-debian-clang, r-devel-linux-x86_64-debian-gcc, r-devel-linux-x86_64-fedora-clang, r-devel-linux-x86_64-fedora-gcc, r-devel-windows-x86_64, r-patched-linux-x86_64, r-release-linux-x86_64, r-release-macos-arm64, r-release-macos-x86_64, r-release-windows-x86_64, r-oldrel-macos-arm64, r-oldrel-macos-x86_64, r-oldrel-windows-x86_64