Last updated on 2023-03-20 11:53:55 CET.
Flavor | Version | Tinstall | Tcheck | Ttotal | Status | Flags |
---|---|---|---|---|---|---|
r-devel-linux-x86_64-debian-clang | 1.1 | NOTE | ||||
r-devel-linux-x86_64-debian-gcc | 1.1 | 1.62 | 16.88 | 18.50 | NOTE | |
r-devel-linux-x86_64-fedora-clang | 1.1 | 30.27 | NOTE | |||
r-devel-linux-x86_64-fedora-gcc | 1.1 | 27.59 | NOTE | |||
r-patched-linux-x86_64 | 1.1 | 1.91 | 22.88 | 24.79 | NOTE | |
r-release-linux-x86_64 | 1.1 | 1.88 | 22.59 | 24.47 | NOTE | |
r-release-macos-arm64 | 1.1 | 14.00 | NOTE | |||
r-release-macos-x86_64 | 1.1 | 22.00 | NOTE | |||
r-release-windows-x86_64 | 1.1 | 4.00 | 45.00 | 49.00 | NOTE | |
r-oldrel-macos-arm64 | 1.1 | 17.00 | NOTE | |||
r-oldrel-macos-x86_64 | 1.1 | 26.00 | NOTE | |||
r-oldrel-windows-ix86+x86_64 | 1.1 | 4.00 | 32.00 | 36.00 | NOTE |
Version: 1.1
Check: DESCRIPTION meta-information
Result: NOTE
Malformed Description field: should contain one or more complete sentences.
Flavors: r-devel-linux-x86_64-debian-clang, r-devel-linux-x86_64-debian-gcc, r-devel-linux-x86_64-fedora-clang, r-devel-linux-x86_64-fedora-gcc, r-patched-linux-x86_64, r-release-linux-x86_64, r-release-macos-arm64, r-release-macos-x86_64, r-release-windows-x86_64, r-oldrel-macos-arm64, r-oldrel-macos-x86_64, r-oldrel-windows-ix86+x86_64