CRAN Package Check Results for Package pbivnorm

Last updated on 2024-06-14 00:53:52 CEST.

Flavor Version Tinstall Tcheck Ttotal Status Flags
r-devel-linux-x86_64-debian-clang 0.6.0 2.39 19.77 22.16 OK
r-devel-linux-x86_64-debian-gcc 0.6.0 1.93 15.71 17.64 OK
r-devel-linux-x86_64-fedora-clang 0.6.0 28.46 NOTE
r-devel-linux-x86_64-fedora-gcc 0.6.0 27.01 NOTE
r-devel-windows-x86_64 0.6.0 5.00 35.00 40.00 OK
r-patched-linux-x86_64 0.6.0 2.51 19.69 22.20 OK
r-release-linux-x86_64 0.6.0 2.49 19.44 21.93 OK
r-release-macos-arm64 0.6.0 14.00 OK
r-release-macos-x86_64 0.6.0 20.00 OK
r-release-windows-x86_64 0.6.0 4.00 34.00 38.00 OK
r-oldrel-macos-arm64 0.6.0 17.00 OK
r-oldrel-macos-x86_64 0.6.0 20.00 OK
r-oldrel-windows-x86_64 0.6.0 5.00 36.00 41.00 OK

Check Details

Version: 0.6.0
Check: compiled code
Result: NOTE File ‘pbivnorm/libs/pbivnorm.so’: Found no calls to: ‘R_registerRoutines’, ‘R_useDynamicSymbols’ It is good practice to register native routines and to disable symbol search. See ‘Writing portable packages’ in the ‘Writing R Extensions’ manual. Flavors: r-devel-linux-x86_64-fedora-clang, r-devel-linux-x86_64-fedora-gcc