Last updated on 2021-02-28 11:52:00 CET.
Flavor | Version | Tinstall | Tcheck | Ttotal | Status | Flags |
---|---|---|---|---|---|---|
r-devel-linux-x86_64-debian-clang | 1.0.0 | 57.60 | 230.72 | 288.32 | NOTE | |
r-devel-linux-x86_64-debian-gcc | 1.0.0 | 39.32 | 158.35 | 197.67 | NOTE | |
r-devel-linux-x86_64-fedora-clang | 1.0.0 | 374.74 | NOTE | |||
r-devel-linux-x86_64-fedora-gcc | 1.0.0 | 355.74 | NOTE | |||
r-devel-windows-ix86+x86_64 | 1.0.0 | 100.00 | 252.00 | 352.00 | NOTE | |
r-patched-linux-x86_64 | 1.0.0 | 46.68 | 222.93 | 269.61 | NOTE | |
r-patched-solaris-x86 | 1.0.0 | 506.80 | NOTE | |||
r-release-linux-x86_64 | 1.0.0 | 46.36 | 226.24 | 272.60 | NOTE | |
r-release-macos-x86_64 | 1.0.0 | NOTE | ||||
r-release-windows-ix86+x86_64 | 1.0.0 | 155.00 | 333.00 | 488.00 | NOTE | |
r-oldrel-macos-x86_64 | 1.0.0 | NOTE | ||||
r-oldrel-windows-ix86+x86_64 | 1.0.0 | 102.00 | 353.00 | 455.00 | NOTE |
Version: 1.0.0
Check: for GNU extensions in Makefiles
Result: NOTE
GNU make is a SystemRequirements.
Flavors: r-devel-linux-x86_64-debian-clang, r-devel-linux-x86_64-debian-gcc, r-devel-linux-x86_64-fedora-clang, r-devel-linux-x86_64-fedora-gcc, r-devel-windows-ix86+x86_64, r-patched-linux-x86_64, r-patched-solaris-x86, r-release-linux-x86_64, r-release-macos-x86_64, r-release-windows-ix86+x86_64, r-oldrel-macos-x86_64, r-oldrel-windows-ix86+x86_64