CRAN Package Check Results for Package pathviewr

Last updated on 2021-09-22 07:51:30 CEST.

Flavor Version Tinstall Tcheck Ttotal Status Flags
r-devel-linux-x86_64-debian-clang 1.0.1 5.28 137.44 142.72 OK
r-devel-linux-x86_64-debian-gcc 1.0.1 3.92 100.75 104.67 OK
r-devel-linux-x86_64-fedora-clang 1.0.1 171.15 OK
r-devel-linux-x86_64-fedora-gcc 1.0.1 162.23 OK
r-devel-windows-x86_64 1.0.1 8.00 126.00 134.00 OK
r-devel-windows-x86_64-gcc10-UCRT 1.0.1 ERROR
r-patched-linux-x86_64 1.0.1 6.69 133.07 139.76 OK
r-patched-solaris-x86 1.0.1 206.60 OK
r-release-linux-x86_64 1.0.1 4.89 132.92 137.81 OK
r-release-macos-arm64 1.0.1 OK
r-release-macos-x86_64 1.0.1 OK
r-release-windows-ix86+x86_64 1.0.1 10.00 126.00 136.00 OK
r-oldrel-macos-x86_64 1.0.1 OK
r-oldrel-windows-ix86+x86_64 1.0.1 8.00 126.00 134.00 OK

Check Details

Version: 1.0.1
Check: PDF version of manual
Result: WARN
    LaTeX errors when creating PDF version.
    This typically indicates Rd problems.
Flavor: r-devel-windows-x86_64-gcc10-UCRT

Version: 1.0.1
Check: PDF version of manual without hyperrefs or index
Result: ERROR
    Re-running with no redirection of stdout/stderr.
Flavor: r-devel-windows-x86_64-gcc10-UCRT