CRAN Package Check Results for Package patPRO

Last updated on 2021-06-19 23:49:27 CEST.

Flavor Version Tinstall Tcheck Ttotal Status Flags
r-devel-linux-x86_64-debian-clang 1.1.0 6.02 59.22 65.24 NOTE
r-devel-linux-x86_64-debian-gcc 1.1.0 3.96 43.55 47.51 NOTE
r-devel-linux-x86_64-fedora-clang 1.1.0 82.97 NOTE
r-devel-linux-x86_64-fedora-gcc 1.1.0 71.26 NOTE
r-devel-windows-x86_64 1.1.0 9.00 77.00 86.00 NOTE
r-devel-windows-x86_64-gcc10-UCRT 1.1.0 NOTE
r-patched-linux-x86_64 1.1.0 4.94 55.35 60.29 NOTE
r-patched-solaris-x86 1.1.0 104.90 NOTE
r-release-linux-x86_64 1.1.0 5.51 56.47 61.98 NOTE
r-release-macos-arm64 1.1.0 NOTE
r-release-macos-x86_64 1.1.0 NOTE
r-release-windows-ix86+x86_64 1.1.0 11.00 76.00 87.00 NOTE
r-oldrel-macos-x86_64 1.1.0 NOTE
r-oldrel-windows-ix86+x86_64 1.1.0 11.00 85.00 96.00 NOTE

Check Details

Version: 1.1.0
Check: DESCRIPTION meta-information
Result: NOTE
    Checking should be performed on sources prepared by 'R CMD build'.
Flavors: r-devel-linux-x86_64-debian-clang, r-devel-linux-x86_64-debian-gcc, r-devel-linux-x86_64-fedora-clang, r-devel-linux-x86_64-fedora-gcc, r-devel-windows-x86_64, r-devel-windows-x86_64-gcc10-UCRT, r-patched-linux-x86_64, r-patched-solaris-x86, r-release-linux-x86_64, r-release-macos-arm64, r-release-macos-x86_64, r-release-windows-ix86+x86_64, r-oldrel-macos-x86_64, r-oldrel-windows-ix86+x86_64