CRAN Package Check Results for Package partR2

Last updated on 2021-06-21 11:52:14 CEST.

Flavor Version Tinstall Tcheck Ttotal Status Flags
r-devel-linux-x86_64-debian-clang 0.9.1 3.80 182.58 186.38 OK
r-devel-linux-x86_64-debian-gcc 0.9.1 3.14 134.59 137.73 OK
r-devel-linux-x86_64-fedora-clang 0.9.1 221.32 NOTE
r-devel-linux-x86_64-fedora-gcc 0.9.1 213.38 NOTE
r-devel-windows-x86_64 0.9.1 7.00 205.00 212.00 OK
r-devel-windows-x86_64-gcc10-UCRT 0.9.1 NOTE
r-patched-linux-x86_64 0.9.1 4.29 176.02 180.31 OK
r-patched-solaris-x86 0.9.1 289.00 NOTE
r-release-linux-x86_64 0.9.1 3.39 173.43 176.82 OK
r-release-macos-arm64 0.9.1 NOTE
r-release-macos-x86_64 0.9.1 NOTE
r-release-windows-ix86+x86_64 0.9.1 9.00 231.00 240.00 OK
r-oldrel-macos-x86_64 0.9.1 NOTE

Check Details

Version: 0.9.1
Check: dependencies in R code
Result: NOTE
    Namespace in Imports field not imported from: ‘methods’
     All declared Imports should be used.
Flavors: r-devel-linux-x86_64-fedora-clang, r-devel-linux-x86_64-fedora-gcc, r-devel-windows-x86_64-gcc10-UCRT, r-patched-solaris-x86, r-release-macos-arm64, r-release-macos-x86_64, r-oldrel-macos-x86_64

Version: 0.9.1
Check: package dependencies
Result: NOTE
    Package suggested but not available for checking: 'covr'
Flavor: r-devel-windows-x86_64-gcc10-UCRT