CRAN Package Check Results for Package parsermd

Last updated on 2021-12-08 19:51:42 CET.

Flavor Version Tinstall Tcheck Ttotal Status Flags
r-devel-linux-x86_64-debian-clang 0.1.2 84.00 60.97 144.97 OK
r-devel-linux-x86_64-debian-gcc 0.1.2 40.86 48.52 89.38 OK
r-devel-linux-x86_64-fedora-clang 0.1.2 207.26 NOTE
r-devel-linux-x86_64-fedora-gcc 0.1.2 144.65 OK
r-devel-windows-x86_64-new-UL 0.1.2 75.00 128.00 203.00 OK
r-devel-windows-x86_64-new-TK 0.1.2 OK
r-devel-windows-x86_64-old 0.1.2 64.00 65.00 129.00 OK
r-patched-linux-x86_64 0.1.2 46.88 58.99 105.87 OK
r-release-linux-x86_64 0.1.2 48.42 58.98 107.40 OK
r-release-macos-arm64 0.1.2 NOTE
r-release-macos-x86_64 0.1.2 NOTE
r-release-windows-ix86+x86_64 0.1.2 94.00 99.00 193.00 OK
r-oldrel-macos-x86_64 0.1.2 NOTE
r-oldrel-windows-ix86+x86_64 0.1.2 122.00 112.00 234.00 OK

Check Details

Version: 0.1.2
Check: installed package size
Result: NOTE
     installed size is 14.5Mb
     sub-directories of 1Mb or more:
     libs 14.1Mb
Flavors: r-devel-linux-x86_64-fedora-clang, r-release-macos-arm64, r-release-macos-x86_64, r-oldrel-macos-x86_64